Last updated on 2020-03-27 00:49:29 CET.
Flavor | Version | Tinstall | Tcheck | Ttotal | Status | Flags |
---|---|---|---|---|---|---|
r-devel-linux-x86_64-debian-clang | 0.0.3 | 3.04 | 50.52 | 53.56 | OK | |
r-devel-linux-x86_64-debian-gcc | 0.0.3 | 2.91 | 38.29 | 41.20 | OK | |
r-devel-linux-x86_64-fedora-clang | 0.0.3 | 66.80 | NOTE | |||
r-devel-linux-x86_64-fedora-gcc | 0.0.3 | 62.03 | NOTE | |||
r-devel-windows-ix86+x86_64 | 0.0.3 | 6.00 | 57.00 | 63.00 | OK | |
r-devel-windows-ix86+x86_64-gcc8 | 0.0.3 | 6.00 | 60.00 | 66.00 | OK | |
r-patched-linux-x86_64 | 0.0.3 | 2.53 | 45.58 | 48.11 | OK | |
r-patched-solaris-x86 | 0.0.3 | 98.60 | NOTE | |||
r-release-linux-x86_64 | 0.0.3 | 2.89 | 45.93 | 48.82 | OK | |
r-release-windows-ix86+x86_64 | 0.0.3 | 8.00 | 78.00 | 86.00 | OK | |
r-release-osx-x86_64 | 0.0.3 | NOTE | ||||
r-oldrel-windows-ix86+x86_64 | 0.0.3 | 6.00 | 77.00 | 83.00 | OK | |
r-oldrel-osx-x86_64 | 0.0.3 | NOTE |
Version: 0.0.3
Check: dependencies in R code
Result: NOTE
Namespace in Imports field not imported from: ‘smoothmest’
All declared Imports should be used.
Flavors: r-devel-linux-x86_64-fedora-clang, r-devel-linux-x86_64-fedora-gcc, r-patched-solaris-x86, r-release-osx-x86_64, r-oldrel-osx-x86_64