CRAN Package Check Results for Package PhyloMeasures

Last updated on 2020-03-27 00:49:30 CET.

Flavor Version Tinstall Tcheck Ttotal Status Flags
r-devel-linux-x86_64-debian-clang 2.1 61.25 42.05 103.30 OK
r-devel-linux-x86_64-debian-gcc 2.1 53.48 33.44 86.92 OK
r-devel-linux-x86_64-fedora-clang 2.1 133.44 NOTE
r-devel-linux-x86_64-fedora-gcc 2.1 141.01 NOTE
r-devel-windows-ix86+x86_64 2.1 86.00 81.00 167.00 OK
r-devel-windows-ix86+x86_64-gcc8 2.1 91.00 84.00 175.00 OK
r-patched-linux-x86_64 2.1 49.79 38.61 88.40 OK
r-patched-solaris-x86 2.1 219.90 OK
r-release-linux-x86_64 2.1 50.96 38.68 89.64 OK
r-release-windows-ix86+x86_64 2.1 112.00 106.00 218.00 OK
r-release-osx-x86_64 2.1 NOTE
r-oldrel-windows-ix86+x86_64 2.1 105.00 111.00 216.00 OK
r-oldrel-osx-x86_64 2.1 NOTE

Additional issues

gcc-UBSAN

Check Details

Version: 2.1
Check: installed package size
Result: NOTE
     installed size is 12.7Mb
     sub-directories of 1Mb or more:
     libs 12.4Mb
Flavors: r-devel-linux-x86_64-fedora-clang, r-release-osx-x86_64, r-oldrel-osx-x86_64

Version: 2.1
Check: compiled code
Result: NOTE
    File ‘PhyloMeasures/libs/PhyloMeasures.so’:
     Found no calls to: ‘R_registerRoutines’, ‘R_useDynamicSymbols’
    
    It is good practice to register native routines and to disable symbol
    search.
    
    See ‘Writing portable packages’ in the ‘Writing R Extensions’ manual.
Flavors: r-devel-linux-x86_64-fedora-clang, r-devel-linux-x86_64-fedora-gcc