Last updated on 2020-03-27 00:49:30 CET.
Flavor | Version | Tinstall | Tcheck | Ttotal | Status | Flags |
---|---|---|---|---|---|---|
r-devel-linux-x86_64-debian-clang | 1.4.0 | 60.81 | 198.49 | 259.30 | OK | |
r-devel-linux-x86_64-debian-gcc | 1.4.0 | 41.04 | 147.54 | 188.58 | OK | |
r-devel-linux-x86_64-fedora-clang | 1.4.0 | 308.36 | OK | |||
r-devel-linux-x86_64-fedora-gcc | 1.4.0 | 297.71 | OK | |||
r-devel-windows-ix86+x86_64 | 1.4.0 | 80.00 | 414.00 | 494.00 | OK | |
r-devel-windows-ix86+x86_64-gcc8 | 1.4.0 | 92.00 | 451.00 | 543.00 | OK | |
r-patched-linux-x86_64 | 1.4.0 | 43.04 | 170.54 | 213.58 | OK | |
r-patched-solaris-x86 | 1.4.0 | 787.40 | OK | |||
r-release-linux-x86_64 | 1.4.0 | 41.65 | 170.28 | 211.93 | OK | |
r-release-windows-ix86+x86_64 | 1.4.0 | 122.00 | 567.00 | 689.00 | OK | |
r-release-osx-x86_64 | 1.4.0 | OK | ||||
r-oldrel-windows-ix86+x86_64 | 1.2.1 | 71.00 | 477.00 | 548.00 | OK | |
r-oldrel-osx-x86_64 | 1.4.0 | ERROR |
Version: 1.4.0
Check: package dependencies
Result: ERROR
Packages required and available but unsuitable versions:
‘graphics’ ‘grDevices’ ‘methods’ ‘stats’ ‘utils’
See section ‘The DESCRIPTION file’ in the ‘Writing R Extensions’
manual.
Flavor: r-oldrel-osx-x86_64