CRAN Package Check Results for Package Plasmidprofiler

Last updated on 2020-03-27 00:49:30 CET.

Flavor Version Tinstall Tcheck Ttotal Status Flags
r-devel-linux-x86_64-debian-clang 0.1.6 6.93 60.02 66.95 NOTE
r-devel-linux-x86_64-debian-gcc 0.1.6 5.71 52.15 57.86 NOTE
r-devel-linux-x86_64-fedora-clang 0.1.6 81.74 NOTE
r-devel-linux-x86_64-fedora-gcc 0.1.6 73.99 NOTE
r-devel-windows-ix86+x86_64 0.1.6 22.00 72.00 94.00 OK
r-devel-windows-ix86+x86_64-gcc8 0.1.6 18.00 75.00 93.00 OK
r-patched-linux-x86_64 0.1.6 6.19 54.33 60.52 OK
r-patched-solaris-x86 0.1.6 114.20 NOTE
r-release-linux-x86_64 0.1.6 5.63 51.57 57.20 OK
r-release-windows-ix86+x86_64 0.1.6 32.00 98.00 130.00 OK
r-release-osx-x86_64 0.1.6 OK
r-oldrel-windows-ix86+x86_64 0.1.6 17.00 101.00 118.00 OK
r-oldrel-osx-x86_64 0.1.6 OK

Check Details

Version: 0.1.6
Check: for non-standard things in the check directory
Result: NOTE
    Found the following files/directories:
     'P2Run.csv' 'P2Run.html' 'P2Run.png'
Flavors: r-devel-linux-x86_64-debian-clang, r-devel-linux-x86_64-debian-gcc, r-devel-linux-x86_64-fedora-clang, r-devel-linux-x86_64-fedora-gcc

Version: 0.1.6
Check: for non-standard things in the check directory
Result: NOTE
    Found the following files/directories:
     ‘P2Run.csv’ ‘P2Run.png’
Flavor: r-patched-solaris-x86