CRAN Package Check Results for Package PointFore

Last updated on 2020-03-27 00:49:32 CET.

Flavor Version Tinstall Tcheck Ttotal Status Flags
r-devel-linux-x86_64-debian-clang 0.2.0 4.32 154.40 158.72 OK
r-devel-linux-x86_64-debian-gcc 0.2.0 3.31 105.37 108.68 OK
r-devel-linux-x86_64-fedora-clang 0.2.0 185.43 NOTE
r-devel-linux-x86_64-fedora-gcc 0.2.0 171.01 NOTE
r-devel-windows-ix86+x86_64 0.2.0 14.00 142.00 156.00 OK
r-devel-windows-ix86+x86_64-gcc8 0.2.0 15.00 146.00 161.00 OK
r-patched-linux-x86_64 0.2.0 3.53 132.59 136.12 OK
r-patched-solaris-x86 0.2.0 229.90 NOTE
r-release-linux-x86_64 0.2.0 3.01 132.68 135.69 OK
r-release-windows-ix86+x86_64 0.2.0 10.00 208.00 218.00 OK
r-release-osx-x86_64 0.2.0 NOTE
r-oldrel-windows-ix86+x86_64 0.2.0 11.00 183.00 194.00 OK
r-oldrel-osx-x86_64 0.2.0 NOTE

Check Details

Version: 0.2.0
Check: dependencies in R code
Result: NOTE
    Namespaces in Imports field not imported from:
     ‘car’ ‘lubridate’
     All declared Imports should be used.
Flavors: r-devel-linux-x86_64-fedora-clang, r-devel-linux-x86_64-fedora-gcc, r-patched-solaris-x86, r-release-osx-x86_64, r-oldrel-osx-x86_64