CRAN Package Check Results for Package PredictABEL

Last updated on 2020-03-27 00:49:32 CET.

Flavor Version Tinstall Tcheck Ttotal Status Flags
r-devel-linux-x86_64-debian-clang 1.2-4 12.42 107.59 120.01 OK
r-devel-linux-x86_64-debian-gcc 1.2-4 10.80 81.85 92.65 OK
r-devel-linux-x86_64-fedora-clang 1.2-4 153.63 NOTE
r-devel-linux-x86_64-fedora-gcc 1.2-4 139.77 NOTE
r-devel-windows-ix86+x86_64 1.2-4 31.00 117.00 148.00 OK
r-devel-windows-ix86+x86_64-gcc8 1.2-3 29.00 122.00 151.00 OK
r-patched-linux-x86_64 1.2-4 9.86 95.52 105.38 OK
r-patched-solaris-x86 1.2-4 237.40 NOTE
r-release-linux-x86_64 1.2-4 12.04 95.13 107.17 OK
r-release-windows-ix86+x86_64 1.2-4 25.00 159.00 184.00 OK
r-release-osx-x86_64 1.2-4 WARN
r-oldrel-windows-ix86+x86_64 1.2-4 21.00 195.00 216.00 OK
r-oldrel-osx-x86_64 1.2-4 WARN

Check Details

Version: 1.2-4
Check: dependencies in R code
Result: NOTE
    Namespace in Imports field not imported from: ‘lazyeval’
     All declared Imports should be used.
Flavors: r-devel-linux-x86_64-fedora-clang, r-devel-linux-x86_64-fedora-gcc, r-patched-solaris-x86

Version: 1.2-4
Check: dependencies in R code
Result: NOTE
    No protocol specified
    No protocol specified
    Namespace in Imports field not imported from: ‘lazyeval’
     All declared Imports should be used.
Flavors: r-release-osx-x86_64, r-oldrel-osx-x86_64

Version: 1.2-4
Check: S3 generic/method consistency
Result: WARN
    No protocol specified
    No protocol specified
    See section ‘Generic functions and methods’ in the ‘Writing R
    Extensions’ manual.
Flavors: r-release-osx-x86_64, r-oldrel-osx-x86_64

Version: 1.2-4
Check: replacement functions
Result: WARN
    No protocol specified
    No protocol specified
    The argument of a replacement function which corresponds to the right
    hand side must be named ‘value’.
Flavors: r-release-osx-x86_64, r-oldrel-osx-x86_64

Version: 1.2-4
Check: foreign function calls
Result: NOTE
    No protocol specified
    No protocol specified
    See chapter ‘System and foreign language interfaces’ in the ‘Writing R
    Extensions’ manual.
Flavors: r-release-osx-x86_64, r-oldrel-osx-x86_64

Version: 1.2-4
Check: R code for possible problems
Result: NOTE
    No protocol specified
    No protocol specified
Flavors: r-release-osx-x86_64, r-oldrel-osx-x86_64

Version: 1.2-4
Check: for missing documentation entries
Result: WARN
    No protocol specified
    No protocol specified
    All user-level objects in a package should have documentation entries.
    See chapter ‘Writing R documentation files’ in the ‘Writing R
    Extensions’ manual.
Flavors: r-release-osx-x86_64, r-oldrel-osx-x86_64

Version: 1.2-4
Check: for code/documentation mismatches
Result: WARN
    No protocol specified
    No protocol specified
    No protocol specified
    No protocol specified
    No protocol specified
    No protocol specified
Flavors: r-release-osx-x86_64, r-oldrel-osx-x86_64

Version: 1.2-4
Check: Rd \usage sections
Result: NOTE
    No protocol specified
    No protocol specified
    The \usage entries for S3 methods should use the \method markup and not
    their full name.
    See chapter ‘Writing R documentation files’ in the ‘Writing R
    Extensions’ manual.
Flavors: r-release-osx-x86_64, r-oldrel-osx-x86_64