CRAN Package Check Results for Package PsyControl

Last updated on 2020-03-27 00:49:33 CET.

Flavor Version Tinstall Tcheck Ttotal Status Flags
r-devel-linux-x86_64-debian-clang 1.0.0.0 7.74 65.26 73.00 OK
r-devel-linux-x86_64-debian-gcc 1.0.0.0 6.52 50.32 56.84 OK
r-devel-linux-x86_64-fedora-clang 1.0.0.0 95.48 OK
r-devel-linux-x86_64-fedora-gcc 1.0.0.0 86.19 OK
r-devel-windows-ix86+x86_64 1.0.0.0 16.00 69.00 85.00 OK
r-devel-windows-ix86+x86_64-gcc8 1.0.0.0 15.00 73.00 88.00 OK
r-patched-linux-x86_64 1.0.0.0 6.20 58.31 64.51 OK
r-patched-solaris-x86 1.0.0.0 137.80 OK
r-release-linux-x86_64 1.0.0.0 6.75 58.44 65.19 OK
r-release-windows-ix86+x86_64 1.0.0.0 21.00 91.00 112.00 OK
r-release-osx-x86_64 1.0.0.0 FAIL
r-oldrel-windows-ix86+x86_64 1.0.0.0 12.00 98.00 110.00 OK
r-oldrel-osx-x86_64 1.0.0.0 OK

Check Details

Version: 1.0.0.0
Check: whether package can be installed
Result: FAIL
Flavor: r-release-osx-x86_64