CRAN Package Check Results for Package R.rsp

Last updated on 2020-03-27 00:49:33 CET.

Flavor Version Tinstall Tcheck Ttotal Status Flags
r-devel-linux-x86_64-debian-clang 0.43.2 14.27 152.04 166.31 OK
r-devel-linux-x86_64-debian-gcc 0.43.2 11.77 118.67 130.44 OK
r-devel-linux-x86_64-fedora-clang 0.43.2 216.53 OK
r-devel-linux-x86_64-fedora-gcc 0.43.2 200.18 OK
r-devel-windows-ix86+x86_64 0.43.2 27.00 330.00 357.00 OK
r-devel-windows-ix86+x86_64-gcc8 0.43.2 24.00 345.00 369.00 OK
r-patched-linux-x86_64 0.43.2 13.64 139.47 153.11 OK
r-patched-solaris-x86 0.43.2 273.20 OK
r-release-linux-x86_64 0.43.2 12.70 138.43 151.13 OK
r-release-windows-ix86+x86_64 0.43.2 40.00 430.00 470.00 OK
r-release-osx-x86_64 0.43.2 NOTE
r-oldrel-windows-ix86+x86_64 0.43.2 49.00 443.00 492.00 OK
r-oldrel-osx-x86_64 0.43.2 NOTE

Check Details

Version: 0.43.2
Check: dependencies in R code
Result: NOTE
    No protocol specified
    No protocol specified
Flavors: r-release-osx-x86_64, r-oldrel-osx-x86_64