CRAN Package Check Results for Package RConics

Last updated on 2020-03-27 00:49:33 CET.

Flavor Version Tinstall Tcheck Ttotal Status Flags
r-devel-linux-x86_64-debian-clang 1.0 2.31 21.56 23.87 NOTE
r-devel-linux-x86_64-debian-gcc 1.0 1.91 16.54 18.45 NOTE
r-devel-linux-x86_64-fedora-clang 1.0 30.84 NOTE
r-devel-linux-x86_64-fedora-gcc 1.0 28.27 NOTE
r-devel-windows-ix86+x86_64 1.0 6.00 42.00 48.00 NOTE
r-devel-windows-ix86+x86_64-gcc8 1.0 7.00 30.00 37.00 NOTE
r-patched-linux-x86_64 1.0 2.58 19.20 21.78 NOTE
r-patched-solaris-x86 1.0 44.90 NOTE
r-release-linux-x86_64 1.0 2.25 19.74 21.99 NOTE
r-release-windows-ix86+x86_64 1.0 4.00 38.00 42.00 NOTE
r-release-osx-x86_64 1.0 NOTE
r-oldrel-windows-ix86+x86_64 1.0 3.00 27.00 30.00 NOTE
r-oldrel-osx-x86_64 1.0 NOTE

Check Details

Version: 1.0
Check: R code for possible problems
Result: NOTE
    addLine: no visible global function definition for 'abline'
    ellipse: no visible global function definition for 'approx'
    ellipse: no visible global function definition for 'tail'
    Undefined global functions or variables:
     abline approx tail
    Consider adding
     importFrom("graphics", "abline")
     importFrom("stats", "approx")
     importFrom("utils", "tail")
    to your NAMESPACE file.
Flavors: r-devel-linux-x86_64-debian-clang, r-devel-linux-x86_64-debian-gcc, r-devel-linux-x86_64-fedora-clang, r-devel-linux-x86_64-fedora-gcc, r-devel-windows-ix86+x86_64, r-devel-windows-ix86+x86_64-gcc8, r-patched-linux-x86_64, r-patched-solaris-x86, r-release-linux-x86_64, r-release-windows-ix86+x86_64, r-release-osx-x86_64, r-oldrel-windows-ix86+x86_64, r-oldrel-osx-x86_64