Last updated on 2020-03-27 00:49:34 CET.
Flavor | Version | Tinstall | Tcheck | Ttotal | Status | Flags |
---|---|---|---|---|---|---|
r-devel-linux-x86_64-debian-clang | 3.0.2 | 7.28 | 56.58 | 63.86 | OK | |
r-devel-linux-x86_64-debian-gcc | 3.0.2 | 5.96 | 43.17 | 49.13 | OK | |
r-devel-linux-x86_64-fedora-clang | 3.0.2 | 80.46 | NOTE | |||
r-devel-linux-x86_64-fedora-gcc | 3.0.2 | 74.12 | NOTE | |||
r-devel-windows-ix86+x86_64 | 3.0.2 | 11.00 | 90.00 | 101.00 | OK | |
r-devel-windows-ix86+x86_64-gcc8 | 3.0.2 | 11.00 | 64.00 | 75.00 | OK | |
r-patched-linux-x86_64 | 3.0.2 | 6.37 | 51.32 | 57.69 | OK | |
r-patched-solaris-x86 | 3.0.2 | 99.90 | NOTE | |||
r-release-linux-x86_64 | 3.0.2 | 5.93 | 51.77 | 57.70 | OK | |
r-release-windows-ix86+x86_64 | 3.0.2 | 11.00 | 66.00 | 77.00 | OK | |
r-release-osx-x86_64 | 3.0.2 | NOTE | ||||
r-oldrel-windows-ix86+x86_64 | 3.0.2 | 13.00 | 53.00 | 66.00 | OK | |
r-oldrel-osx-x86_64 | 3.0.2 | NOTE |
Version: 3.0.2
Check: data for non-ASCII characters
Result: NOTE
Note: found 8 marked UTF-8 strings
Flavors: r-devel-linux-x86_64-fedora-clang, r-devel-linux-x86_64-fedora-gcc, r-patched-solaris-x86, r-release-osx-x86_64, r-oldrel-osx-x86_64