CRAN Package Check Results for Package RGraphics

Last updated on 2020-03-27 00:49:34 CET.

Flavor Version Tinstall Tcheck Ttotal Status Flags
r-devel-linux-x86_64-debian-clang 2.0-14 12.63 74.20 86.83 WARN
r-devel-linux-x86_64-debian-gcc 2.0-14 10.36 55.57 65.93 WARN
r-devel-linux-x86_64-fedora-clang 2.0-14 107.07 WARN
r-devel-linux-x86_64-fedora-gcc 2.0-14 96.35 WARN
r-devel-windows-ix86+x86_64 2.0-14 27.00 75.00 102.00 WARN
r-devel-windows-ix86+x86_64-gcc8 2.0-14 23.00 80.00 103.00 NOTE
r-patched-linux-x86_64 2.0-14 9.61 64.07 73.68 WARN
r-patched-solaris-x86 2.0-14 141.00 WARN
r-release-linux-x86_64 2.0-14 9.09 63.15 72.24 WARN
r-release-windows-ix86+x86_64 2.0-14 30.00 111.00 141.00 WARN
r-release-osx-x86_64 2.0-14 FAIL
r-oldrel-windows-ix86+x86_64 2.0-14 22.00 132.00 154.00 WARN
r-oldrel-osx-x86_64 2.0-14 NOTE

Check Details

Version: 2.0-14
Check: package dependencies
Result: NOTE
    Packages suggested but not available for checking:
     'playwith', 'pmg', 'SVGAnnotation'
Flavors: r-devel-linux-x86_64-debian-clang, r-devel-linux-x86_64-debian-gcc, r-devel-windows-ix86+x86_64-gcc8, r-patched-linux-x86_64, r-release-linux-x86_64

Version: 2.0-14
Check: whether package can be installed
Result: WARN
    Found the following significant warnings:
     Note: possible error in 'coord_trans(xtrans = "exp", ': unused arguments (xtrans = "exp", ytrans = "exp")
    See '/home/hornik/tmp/R.check/r-devel-clang/Work/PKGS/RGraphics.Rcheck/00install.out' for details.
    Information on the location(s) of code generating the 'Note's can be
    obtained by re-running with environment variable R_KEEP_PKG_SOURCE set
    to 'yes'.
Flavor: r-devel-linux-x86_64-debian-clang

Version: 2.0-14
Check: R code for possible problems
Result: NOTE
    figure5.11: possible error in coord_trans(xtrans = "exp", ytrans =
     "exp"): unused arguments (xtrans = "exp", ytrans = "exp")
Flavors: r-devel-linux-x86_64-debian-clang, r-devel-linux-x86_64-debian-gcc, r-devel-linux-x86_64-fedora-clang, r-devel-linux-x86_64-fedora-gcc, r-devel-windows-ix86+x86_64, r-patched-linux-x86_64, r-patched-solaris-x86, r-release-linux-x86_64, r-release-windows-ix86+x86_64, r-oldrel-windows-ix86+x86_64

Version: 2.0-14
Check: whether package can be installed
Result: WARN
    Found the following significant warnings:
     Note: possible error in 'coord_trans(xtrans = "exp", ': unused arguments (xtrans = "exp", ytrans = "exp")
    See ‘/home/hornik/tmp/R.check/r-devel-gcc/Work/PKGS/RGraphics.Rcheck/00install.out’ for details.
    Information on the location(s) of code generating the ‘Note’s can be
    obtained by re-running with environment variable R_KEEP_PKG_SOURCE set
    to ‘yes’.
Flavor: r-devel-linux-x86_64-debian-gcc

Version: 2.0-14
Check: package dependencies
Result: NOTE
    Packages suggested but not available for checking: 'playwith', 'pmg'
Flavors: r-devel-linux-x86_64-fedora-clang, r-devel-linux-x86_64-fedora-gcc

Version: 2.0-14
Check: whether package can be installed
Result: WARN
    Found the following significant warnings:
     Note: possible error in 'coord_trans(xtrans = "exp", ': unused arguments (xtrans = "exp", ytrans = "exp")
    See ‘/data/gannet/ripley/R/packages/tests-clang/RGraphics.Rcheck/00install.out’ for details.
    Information on the location(s) of code generating the ‘Note’s can be
    obtained by re-running with environment variable R_KEEP_PKG_SOURCE set
    to ‘yes’.
Flavor: r-devel-linux-x86_64-fedora-clang

Version: 2.0-14
Check: installed package size
Result: NOTE
     installed size is 9.9Mb
     sub-directories of 1Mb or more:
     extra 9.4Mb
Flavors: r-devel-linux-x86_64-fedora-clang, r-devel-windows-ix86+x86_64, r-devel-windows-ix86+x86_64-gcc8, r-patched-solaris-x86, r-release-windows-ix86+x86_64, r-release-osx-x86_64, r-oldrel-windows-ix86+x86_64, r-oldrel-osx-x86_64

Version: 2.0-14
Check: whether package can be installed
Result: WARN
    Found the following significant warnings:
     Note: possible error in 'coord_trans(xtrans = "exp", ': unused arguments (xtrans = "exp", ytrans = "exp")
    See ‘/data/gannet/ripley/R/packages/tests-devel/RGraphics.Rcheck/00install.out’ for details.
    Information on the location(s) of code generating the ‘Note’s can be
    obtained by re-running with environment variable R_KEEP_PKG_SOURCE set
    to ‘yes’.
Flavor: r-devel-linux-x86_64-fedora-gcc

Version: 2.0-14
Check: package dependencies
Result: NOTE
    Packages suggested but not available for checking: 'pmg', 'SVGAnnotation'
Flavors: r-devel-windows-ix86+x86_64, r-release-windows-ix86+x86_64

Version: 2.0-14
Check: whether package can be installed
Result: WARN
    Found the following significant warnings:
     Note: possible error in 'coord_trans(xtrans = "exp", ': unused arguments (xtrans = "exp", ytrans = "exp")
    See 'd:/Rcompile/CRANpkg/local/4.0/RGraphics.Rcheck/00install.out' for details.
    Information on the location(s) of code generating the 'Note's can be
    obtained by re-running with environment variable R_KEEP_PKG_SOURCE set
    to 'yes'.
Flavor: r-devel-windows-ix86+x86_64

Version: 2.0-14
Check: whether package can be installed
Result: WARN
    Found the following significant warnings:
     Note: possible error in 'coord_trans(xtrans = "exp", ': unused arguments (xtrans = "exp", ytrans = "exp")
    See ‘/home/hornik/tmp/R.check/r-patched-gcc/Work/PKGS/RGraphics.Rcheck/00install.out’ for details.
    Information on the location(s) of code generating the ‘Note’s can be
    obtained by re-running with environment variable R_KEEP_PKG_SOURCE set
    to ‘yes’.
Flavor: r-patched-linux-x86_64

Version: 2.0-14
Check: package dependencies
Result: NOTE
    Packages suggested but not available for checking:
     'playwith', 'pmg', 'rggobi', 'SVGAnnotation'
Flavor: r-patched-solaris-x86

Version: 2.0-14
Check: whether package can be installed
Result: WARN
    Found the following significant warnings:
     Note: possible error in 'coord_trans(xtrans = "exp", ': unused arguments (xtrans = "exp", ytrans = "exp")
    See ‘/home/ripley/R/packages/tests-devel/RGraphics.Rcheck/00install.out’ for details.
    Information on the location(s) of code generating the ‘Note’s can be
    obtained by re-running with environment variable R_KEEP_PKG_SOURCE set
    to ‘yes’.
Flavor: r-patched-solaris-x86

Version: 2.0-14
Check: whether package can be installed
Result: WARN
    Found the following significant warnings:
     Note: possible error in 'coord_trans(xtrans = "exp", ': unused arguments (xtrans = "exp", ytrans = "exp")
    See ‘/home/hornik/tmp/R.check/r-release-gcc/Work/PKGS/RGraphics.Rcheck/00install.out’ for details.
    Information on the location(s) of code generating the ‘Note’s can be
    obtained by re-running with environment variable R_KEEP_PKG_SOURCE set
    to ‘yes’.
Flavor: r-release-linux-x86_64

Version: 2.0-14
Check: whether package can be installed
Result: WARN
    Found the following significant warnings:
     Note: possible error in 'coord_trans(xtrans = "exp", ': unused arguments (xtrans = "exp", ytrans = "exp")
    See 'd:/Rcompile/CRANpkg/local/3.6/RGraphics.Rcheck/00install.out' for details.
    Information on the location(s) of code generating the 'Note's can be
    obtained by re-running with environment variable R_KEEP_PKG_SOURCE set
    to 'yes'.
Flavor: r-release-windows-ix86+x86_64

Version: 2.0-14
Check: package dependencies
Result: NOTE
    Packages suggested but not available for checking:
     'graph', 'gWidgetsRGtk2', 'hyperdraw', 'hypergraph', 'playwith',
     'pmg', 'rggobi', 'Rgraphviz', 'SVGAnnotation'
Flavor: r-release-osx-x86_64

Version: 2.0-14
Check: dependencies in R code
Result: FAIL
Flavor: r-release-osx-x86_64

Version: 2.0-14
Check: package dependencies
Result: NOTE
    Packages suggested but not available for checking: 'pmg' 'SVGAnnotation'
Flavor: r-oldrel-windows-ix86+x86_64

Version: 2.0-14
Check: whether package can be installed
Result: WARN
    Found the following significant warnings:
     Note: possible error in 'coord_trans(xtrans = "exp", ': unused arguments (xtrans = "exp", ytrans = "exp")
    See 'd:/Rcompile/CRANpkg/local/3.5/RGraphics.Rcheck/00install.out' for details.
    Information on the location(s) of code generating the 'Note's can be
    obtained by re-running with environment variable R_KEEP_PKG_SOURCE set
    to 'yes'.
Flavor: r-oldrel-windows-ix86+x86_64

Version: 2.0-14
Check: package dependencies
Result: NOTE
    Packages suggested but not available for checking:
     ‘gWidgetsRGtk2’ ‘hyperdraw’ ‘hypergraph’ ‘playwith’ ‘pmg’ ‘rggobi’
     ‘SVGAnnotation’
Flavor: r-oldrel-osx-x86_64