CRAN Package Check Results for Package RSA

Last updated on 2020-03-27 00:49:35 CET.

Flavor Version Tinstall Tcheck Ttotal Status Flags
r-devel-linux-x86_64-debian-clang 0.9.13 12.53 76.52 89.05 NOTE
r-devel-linux-x86_64-debian-gcc 0.9.13 10.08 57.58 67.66 NOTE
r-devel-linux-x86_64-fedora-clang 0.9.13 112.32 NOTE
r-devel-linux-x86_64-fedora-gcc 0.9.13 102.69 NOTE
r-devel-windows-ix86+x86_64 0.9.13 27.00 76.00 103.00 OK
r-devel-windows-ix86+x86_64-gcc8 0.9.13 21.00 82.00 103.00 OK
r-patched-linux-x86_64 0.9.13 11.52 68.32 79.84 NOTE
r-patched-solaris-x86 0.9.13 155.90 NOTE
r-release-linux-x86_64 0.9.13 10.22 67.68 77.90 NOTE
r-release-windows-ix86+x86_64 0.9.13 30.00 105.00 135.00 OK
r-release-osx-x86_64 0.9.13 FAIL
r-oldrel-windows-ix86+x86_64 0.9.13 20.00 105.00 125.00 OK
r-oldrel-osx-x86_64 0.9.13 OK

Check Details

Version: 0.9.13
Check: package dependencies
Result: NOTE
    Package suggested but not available for checking: 'SDMTools'
Flavors: r-devel-linux-x86_64-debian-clang, r-devel-linux-x86_64-debian-gcc, r-devel-linux-x86_64-fedora-clang, r-devel-linux-x86_64-fedora-gcc, r-patched-linux-x86_64, r-patched-solaris-x86, r-release-linux-x86_64

Version: 0.9.13
Check: whether package can be installed
Result: FAIL
Flavor: r-release-osx-x86_64