Last updated on 2020-03-27 00:49:35 CET.
Flavor | Version | Tinstall | Tcheck | Ttotal | Status | Flags |
---|---|---|---|---|---|---|
r-devel-linux-x86_64-debian-clang | 3.9-0 | 27.22 | 147.09 | 174.31 | OK | |
r-devel-linux-x86_64-debian-gcc | 3.9-0 | 23.74 | 109.84 | 133.58 | OK | |
r-devel-linux-x86_64-fedora-clang | 3.9-0 | 216.45 | OK | |||
r-devel-linux-x86_64-fedora-gcc | 3.9-0 | 202.18 | OK | |||
r-devel-windows-ix86+x86_64 | 3.9-0 | 48.00 | 278.00 | 326.00 | OK | |
r-devel-windows-ix86+x86_64-gcc8 | 3.9-0 | 45.00 | 210.00 | 255.00 | OK | |
r-patched-linux-x86_64 | 3.9-0 | 26.22 | 132.00 | 158.22 | OK | |
r-patched-solaris-x86 | 3.9-0 | 259.30 | WARN | |||
r-release-linux-x86_64 | 3.9-0 | 25.34 | 131.80 | 157.14 | OK | |
r-release-windows-ix86+x86_64 | 3.9-0 | 91.00 | 265.00 | 356.00 | OK | |
r-release-osx-x86_64 | 3.9-0 | WARN | ||||
r-oldrel-windows-ix86+x86_64 | 3.9-0 | 60.00 | 170.00 | 230.00 | OK | |
r-oldrel-osx-x86_64 | 3.9-0 | WARN |
Version: 3.9-0
Check: for executable files
Result: WARN
Found the following executable file:
data/GH.RData
Source packages should not contain undeclared executable files.
See section ‘Package structure’ in the ‘Writing R Extensions’ manual.
Flavors: r-patched-solaris-x86, r-release-osx-x86_64, r-oldrel-osx-x86_64