CRAN Package Check Results for Package RSNNS

Last updated on 2020-03-27 00:49:35 CET.

Flavor Version Tinstall Tcheck Ttotal Status Flags
r-devel-linux-x86_64-debian-clang 0.4-12 77.71 49.19 126.90 OK
r-devel-linux-x86_64-debian-gcc 0.4-12 57.42 37.98 95.40 OK
r-devel-linux-x86_64-fedora-clang 0.4-12 222.06 NOTE
r-devel-linux-x86_64-fedora-gcc 0.4-12 162.33 OK
r-devel-windows-ix86+x86_64 0.4-12 156.00 92.00 248.00 OK
r-devel-windows-ix86+x86_64-gcc8 0.4-12 193.00 100.00 293.00 WARN
r-patched-linux-x86_64 0.4-12 62.16 44.70 106.86 OK
r-patched-solaris-x86 0.4-12 173.40 OK
r-release-linux-x86_64 0.4-12 64.21 44.23 108.44 OK
r-release-windows-ix86+x86_64 0.4-12 178.00 122.00 300.00 OK
r-release-osx-x86_64 0.4-12 NOTE
r-oldrel-windows-ix86+x86_64 0.4-12 258.00 116.00 374.00 OK
r-oldrel-osx-x86_64 0.4-12 NOTE

Check Details

Version: 0.4-12
Check: installed package size
Result: NOTE
     installed size is 7.8Mb
     sub-directories of 1Mb or more:
     libs 6.7Mb
Flavors: r-devel-linux-x86_64-fedora-clang, r-release-osx-x86_64, r-oldrel-osx-x86_64

Version: 0.4-12
Check: whether package can be installed
Result: WARN
    Found the following significant warnings:
     kr_io.cpp:891:9: warning: 'char* strcat(char*, const char*)' accessing 631 or more bytes at offsets 6607 and 7237 may overlap 1 byte at offset 7237 [-Wrestrict]
     kr_io.cpp:868:9: warning: 'char* strcat(char*, const char*)' accessing 631 or more bytes at offsets 6607 and 7237 may overlap 1 byte at offset 7237 [-Wrestrict]
     kr_io.cpp:891:9: warning: 'char* strcat(char*, const char*)' accessing 631 or more bytes at offsets 6719 and 7349 may overlap 1 byte at offset 7349 [-Wrestrict]
     kr_io.cpp:868:9: warning: 'char* strcat(char*, const char*)' accessing 631 or more bytes at offsets 6719 and 7349 may overlap 1 byte at offset 7349 [-Wrestrict]
Flavor: r-devel-windows-ix86+x86_64-gcc8