CRAN Package Check Results for Package RUnit

Last updated on 2020-03-27 00:49:35 CET.

Flavor Version Tinstall Tcheck Ttotal Status Flags
r-devel-linux-x86_64-debian-clang 0.4.32 3.48 32.59 36.07 NOTE
r-devel-linux-x86_64-debian-gcc 0.4.32 2.95 25.73 28.68 NOTE
r-devel-linux-x86_64-fedora-clang 0.4.32 47.29 NOTE
r-devel-linux-x86_64-fedora-gcc 0.4.32 43.28 NOTE
r-devel-windows-ix86+x86_64 0.4.32 9.00 72.00 81.00 OK
r-devel-windows-ix86+x86_64-gcc8 0.4.32 8.00 57.00 65.00 OK
r-patched-linux-x86_64 0.4.32 3.31 29.70 33.01 OK
r-patched-solaris-x86 0.4.32 65.90 NOTE
r-release-linux-x86_64 0.4.32 2.68 29.81 32.49 OK
r-release-windows-ix86+x86_64 0.4.32 8.00 51.00 59.00 OK
r-release-osx-x86_64 0.4.32 OK
r-oldrel-windows-ix86+x86_64 0.4.32 4.00 48.00 52.00 OK
r-oldrel-osx-x86_64 0.4.32 OK

Check Details

Version: 0.4.32
Check: for non-standard things in the check directory
Result: NOTE
    Found the following files/directories:
     'results'
Flavors: r-devel-linux-x86_64-debian-clang, r-devel-linux-x86_64-debian-gcc, r-devel-linux-x86_64-fedora-clang, r-devel-linux-x86_64-fedora-gcc, r-patched-solaris-x86