Last updated on 2020-03-27 00:49:34 CET.
Flavor | Version | Tinstall | Tcheck | Ttotal | Status | Flags |
---|---|---|---|---|---|---|
r-devel-linux-x86_64-debian-clang | 1.0.5 | 31.02 | 24.16 | 55.18 | OK | |
r-devel-linux-x86_64-debian-gcc | 1.0.5 | 18.38 | 19.28 | 37.66 | OK | |
r-devel-linux-x86_64-fedora-clang | 1.0.5 | 69.52 | OK | |||
r-devel-linux-x86_64-fedora-gcc | 1.0.5 | 61.37 | OK | |||
r-devel-windows-ix86+x86_64 | 1.0.5 | 68.00 | 46.00 | 114.00 | OK | |
r-devel-windows-ix86+x86_64-gcc8 | 1.0.4-2 | 68.00 | 46.00 | 114.00 | WARN | |
r-patched-linux-x86_64 | 1.0.5 | 21.04 | 22.33 | 43.37 | OK | |
r-patched-solaris-x86 | 1.0.5 | 82.60 | OK | |||
r-release-linux-x86_64 | 1.0.5 | 20.70 | 22.13 | 42.83 | OK | |
r-release-windows-ix86+x86_64 | 1.0.5 | 90.00 | 76.00 | 166.00 | OK | |
r-release-osx-x86_64 | 1.0.5 | OK | ||||
r-oldrel-windows-ix86+x86_64 | 1.0.5 | 62.00 | 44.00 | 106.00 | OK | |
r-oldrel-osx-x86_64 | 1.0.5 | OK |
Version: 1.0.4-2
Check: whether package can be installed
Result: WARN
Found the following significant warnings:
Rreadsdpa.c:608:15: warning: 'strncpy' output may be truncated copying 3999 bytes from a string of length 3999 [-Wstringop-truncation]
Rreadsdpa.c:1041:13: warning: 'strncpy' output may be truncated copying 39 bytes from a string of length 39 [-Wstringop-truncation]
Rreadsdpa.c:1042:13: warning: 'strncpy' output may be truncated copying 39 bytes from a string of length 39 [-Wstringop-truncation]
dsdpsetoptions.c:164:4: warning: 'strncpy' output may be truncated copying 39 bytes from a string of length 39 [-Wstringop-truncation]
dsdpsetoptions.c:165:4: warning: 'strncpy' output may be truncated copying 39 bytes from a string of length 39 [-Wstringop-truncation]
Flavor: r-devel-windows-ix86+x86_64-gcc8