CRAN Package Check Results for Package Rmpfr

Last updated on 2020-03-27 00:49:35 CET.

Flavor Version Tinstall Tcheck Ttotal Status Flags
r-devel-linux-x86_64-debian-clang 0.8-1 24.74 170.08 194.82 OK
r-devel-linux-x86_64-debian-gcc 0.8-1 18.12 125.97 144.09 OK
r-devel-linux-x86_64-fedora-clang 0.8-1 241.30 OK
r-devel-linux-x86_64-fedora-gcc 0.8-1 223.28 OK
r-devel-windows-ix86+x86_64 0.8-1 35.00 261.00 296.00 OK
r-devel-windows-ix86+x86_64-gcc8 0.8-1 34.00 259.00 293.00 OK
r-patched-linux-x86_64 0.8-1 18.07 147.24 165.31 OK
r-patched-solaris-x86 0.8-1 280.20 OK
r-release-linux-x86_64 0.8-1 19.42 147.80 167.22 OK
r-release-windows-ix86+x86_64 0.8-1 46.00 349.00 395.00 OK
r-release-osx-x86_64 0.8-1 OK
r-oldrel-windows-ix86+x86_64 0.8-1 37.00 349.00 386.00 WARN
r-oldrel-osx-x86_64 0.8-1 OK

Check Details

Version: 0.8-1
Check: whether package can be installed
Result: WARN
    Found the following significant warnings:
     Warning: unable to re-encode 'special-fun.R' lines 409, 410, 411
Flavor: r-oldrel-windows-ix86+x86_64