CRAN Package Check Results for Package RoughSets

Last updated on 2020-03-27 00:49:35 CET.

Flavor Version Tinstall Tcheck Ttotal Status Flags
r-devel-linux-x86_64-debian-clang 1.3-7 35.90 65.97 101.87 OK
r-devel-linux-x86_64-debian-gcc 1.3-7 22.27 48.95 71.22 OK
r-devel-linux-x86_64-fedora-clang 1.3-7 128.95 OK
r-devel-linux-x86_64-fedora-gcc 1.3-7 114.21 OK
r-devel-windows-ix86+x86_64 1.3-7 54.00 106.00 160.00 OK
r-devel-windows-ix86+x86_64-gcc8 1.3-7 58.00 102.00 160.00 OK
r-patched-linux-x86_64 1.3-7 26.03 58.03 84.06 NOTE
r-patched-solaris-x86 1.3-7 132.70 OK
r-release-linux-x86_64 1.3-7 25.58 57.79 83.37 NOTE
r-release-windows-ix86+x86_64 1.3-7 84.00 137.00 221.00 OK
r-release-osx-x86_64 1.3-7 OK
r-oldrel-windows-ix86+x86_64 1.3-7 72.00 121.00 193.00 OK
r-oldrel-osx-x86_64 1.3-7 OK

Check Details

Version: 1.3-7
Check: Rd line widths
Result: NOTE
    Rd file 'C.FRNN.FRST.Rd':
     \examples lines wider than 100 characters:
     type.relation = c("tolerance", "eq.1"), t.implicator = "lukasiewicz") ... [TRUNCATED]
    
    These lines will be truncated in the PDF manual.
Flavors: r-patched-linux-x86_64, r-release-linux-x86_64