CRAN Package Check Results for Package Rquake

Last updated on 2020-03-27 00:49:35 CET.

Flavor Version Tinstall Tcheck Ttotal Status Flags
r-devel-linux-x86_64-debian-clang 2.4-0 10.37 81.06 91.43 OK
r-devel-linux-x86_64-debian-gcc 2.4-0 10.21 61.74 71.95 OK
r-devel-linux-x86_64-fedora-clang 2.4-0 112.36 OK
r-devel-linux-x86_64-fedora-gcc 2.4-0 105.60 OK
r-devel-windows-ix86+x86_64 2.4-0 22.00 92.00 114.00 OK
r-devel-windows-ix86+x86_64-gcc8 2.4-0 22.00 100.00 122.00 OK
r-patched-linux-x86_64 2.4-0 9.06 69.92 78.98 OK
r-patched-solaris-x86 2.4-0 150.70 OK
r-release-linux-x86_64 2.4-0 10.67 70.41 81.08 OK
r-release-windows-ix86+x86_64 2.4-0 36.00 129.00 165.00 OK
r-release-osx-x86_64 2.4-0 WARN
r-oldrel-windows-ix86+x86_64 2.4-0 24.00 115.00 139.00 OK
r-oldrel-osx-x86_64 2.4-0 OK

Check Details

Version: 2.4-0
Check: whether package can be installed
Result: WARN
    Found the following significant warnings:
     Warning: 'rgl_init' failed, running with rgl.useNULL = TRUE
Flavor: r-release-osx-x86_64