CRAN Package Check Results for Package Rsampletrees

Last updated on 2020-03-27 00:49:35 CET.

Flavor Version Tinstall Tcheck Ttotal Status Flags
r-devel-linux-x86_64-debian-clang 1.0.3 137.44 97.75 235.19 OK
r-devel-linux-x86_64-debian-gcc 1.0.3 86.23 73.31 159.54 OK
r-devel-linux-x86_64-fedora-clang 1.0.3 321.57 NOTE
r-devel-linux-x86_64-fedora-gcc 1.0.3 279.20 OK
r-devel-windows-ix86+x86_64 1.0.3 251.00 159.00 410.00 OK
r-devel-windows-ix86+x86_64-gcc8 1.0.3 272.00 159.00 431.00 OK
r-patched-linux-x86_64 1.0.3 96.65 81.88 178.53 OK
r-patched-solaris-x86 1.0.3 317.30 OK
r-release-linux-x86_64 1.0.3 96.83 81.95 178.78 OK
r-release-windows-ix86+x86_64 1.0.3 337.00 211.00 548.00 OK
r-release-osx-x86_64 1.0.3 ERROR
r-oldrel-windows-ix86+x86_64 1.0.3 173.00 7.00 180.00 ERROR
r-oldrel-osx-x86_64 1.0.3 OK

Check Details

Version: 1.0.3
Check: installed package size
Result: NOTE
     installed size is 5.9Mb
     sub-directories of 1Mb or more:
     libs 5.4Mb
Flavor: r-devel-linux-x86_64-fedora-clang

Version: 1.0.3
Check: whether package can be installed
Result: ERROR
    Installation failed.
Flavors: r-release-osx-x86_64, r-oldrel-windows-ix86+x86_64