CRAN Package Check Results for Package SMITIDvisu

Last updated on 2020-03-27 00:49:37 CET.

Flavor Version Tinstall Tcheck Ttotal Status Flags
r-devel-linux-x86_64-debian-clang 0.0.6 19.94 33.09 53.03 OK
r-devel-linux-x86_64-debian-gcc 0.0.6 13.01 26.36 39.37 OK
r-devel-linux-x86_64-fedora-clang 0.0.6 74.48 OK
r-devel-linux-x86_64-fedora-gcc 0.0.6 64.68 OK
r-devel-windows-ix86+x86_64 0.0.6 34.00 77.00 111.00 OK
r-devel-windows-ix86+x86_64-gcc8 0.0.6 36.00 70.00 106.00 OK
r-patched-linux-x86_64 0.0.6 14.70 30.44 45.14 OK
r-patched-solaris-x86 0.0.6 83.50 OK
r-release-linux-x86_64 0.0.6 14.41 30.24 44.65 OK
r-release-windows-ix86+x86_64 0.0.6 54.00 99.00 153.00 OK
r-release-osx-x86_64 0.0.6 NOTE
r-oldrel-windows-ix86+x86_64 0.0.6 48.00 95.00 143.00 OK
r-oldrel-osx-x86_64 0.0.6 OK

Check Details

Version: 0.0.6
Check: package dependencies
Result: NOTE
    Package suggested but not available for checking: ‘SMITIDstruct’
Flavor: r-release-osx-x86_64