CRAN Package Check Results for Package SSOSVM

Last updated on 2020-03-27 00:49:37 CET.

Flavor Version Tinstall Tcheck Ttotal Status Flags
r-devel-linux-x86_64-debian-clang 0.2.1 37.25 26.43 63.68 OK
r-devel-linux-x86_64-debian-gcc 0.2.1 22.54 20.67 43.21 OK
r-devel-linux-x86_64-fedora-clang 0.2.1 82.31 NOTE
r-devel-linux-x86_64-fedora-gcc 0.2.1 74.74 NOTE
r-devel-windows-ix86+x86_64 0.2.1 53.00 66.00 119.00 OK
r-devel-windows-ix86+x86_64-gcc8 0.2.1 68.00 68.00 136.00 OK
r-patched-linux-x86_64 0.2.1 26.35 23.99 50.34 OK
r-patched-solaris-x86 0.2.1 83.40 NOTE
r-release-linux-x86_64 0.2.1 27.32 23.71 51.03 OK
r-release-windows-ix86+x86_64 0.2.1 80.00 80.00 160.00 OK
r-release-osx-x86_64 0.2.1 NOTE
r-oldrel-windows-ix86+x86_64 0.2.1 82.00 84.00 166.00 OK
r-oldrel-osx-x86_64 0.2.1 NOTE

Check Details

Version: 0.2.1
Check: dependencies in R code
Result: NOTE
    Namespace in Imports field not imported from: ‘MASS’
     All declared Imports should be used.
Flavors: r-devel-linux-x86_64-fedora-clang, r-devel-linux-x86_64-fedora-gcc, r-patched-solaris-x86, r-release-osx-x86_64, r-oldrel-osx-x86_64

Version: 0.2.1
Check: package dependencies
Result: NOTE
    Package suggested but not available for checking: ‘gifski’
Flavor: r-patched-solaris-x86