CRAN Package Check Results for Package SanFranBeachWater

Last updated on 2020-03-27 00:49:36 CET.

Flavor Version Tinstall Tcheck Ttotal Status Flags
r-devel-linux-x86_64-debian-clang 0.1.0 6.12 43.29 49.41 OK
r-devel-linux-x86_64-debian-gcc 0.1.0 5.10 32.10 37.20 OK
r-devel-linux-x86_64-fedora-clang 0.1.0 59.88 NOTE
r-devel-linux-x86_64-fedora-gcc 0.1.0 55.33 NOTE
r-devel-windows-ix86+x86_64 0.1.0 14.00 49.00 63.00 OK
r-devel-windows-ix86+x86_64-gcc8 0.1.0 13.00 57.00 70.00 OK
r-patched-linux-x86_64 0.1.0 4.52 36.96 41.48 OK
r-patched-solaris-x86 0.1.0 89.00 NOTE
r-release-linux-x86_64 0.1.0 4.85 36.84 41.69 OK
r-release-windows-ix86+x86_64 0.1.0 19.00 74.00 93.00 OK
r-release-osx-x86_64 0.1.0 NOTE
r-oldrel-windows-ix86+x86_64 0.1.0 15.00 74.00 89.00 OK
r-oldrel-osx-x86_64 0.1.0 NOTE

Check Details

Version: 0.1.0
Check: dependencies in R code
Result: NOTE
    Namespace in Imports field not imported from: ‘tibble’
     All declared Imports should be used.
Flavors: r-devel-linux-x86_64-fedora-clang, r-devel-linux-x86_64-fedora-gcc, r-patched-solaris-x86, r-release-osx-x86_64, r-oldrel-osx-x86_64