CRAN Package Check Results for Package SelectBoost

Last updated on 2020-03-27 00:49:36 CET.

Flavor Version Tinstall Tcheck Ttotal Status Flags
r-devel-linux-x86_64-debian-clang 2.0.0 17.11 127.07 144.18 OK
r-devel-linux-x86_64-debian-gcc 2.0.0 13.21 95.23 108.44 OK
r-devel-linux-x86_64-fedora-clang 2.0.0 176.15 NOTE
r-devel-linux-x86_64-fedora-gcc 2.0.0 169.38 NOTE
r-devel-windows-ix86+x86_64 2.0.0 29.00 132.00 161.00 OK
r-devel-windows-ix86+x86_64-gcc8 2.0.0 33.00 137.00 170.00 OK
r-patched-linux-x86_64 2.0.0 15.67 108.18 123.85 OK
r-patched-solaris-x86 2.0.0 259.80 NOTE
r-release-linux-x86_64 2.0.0 14.41 109.92 124.33 OK
r-release-windows-ix86+x86_64 2.0.0 38.00 180.00 218.00 OK
r-release-osx-x86_64 2.0.0 NOTE
r-oldrel-windows-ix86+x86_64 2.0.0 26.00 170.00 196.00 OK
r-oldrel-osx-x86_64 2.0.0 NOTE

Check Details

Version: 2.0.0
Check: dependencies in R code
Result: NOTE
    Namespace in Imports field not imported from: ‘parallel’
     All declared Imports should be used.
Flavors: r-devel-linux-x86_64-fedora-clang, r-devel-linux-x86_64-fedora-gcc, r-patched-solaris-x86, r-release-osx-x86_64, r-oldrel-osx-x86_64