Last updated on 2020-03-27 00:49:37 CET.
Flavor | Version | Tinstall | Tcheck | Ttotal | Status | Flags |
---|---|---|---|---|---|---|
r-devel-linux-x86_64-debian-clang | 1.0.1 | 4.47 | 36.93 | 41.40 | OK | |
r-devel-linux-x86_64-debian-gcc | 1.0.1 | 3.81 | 29.01 | 32.82 | OK | |
r-devel-linux-x86_64-fedora-clang | 1.0.1 | 51.20 | OK | |||
r-devel-linux-x86_64-fedora-gcc | 1.0.1 | 46.62 | OK | |||
r-devel-windows-ix86+x86_64 | 1.0.1 | 18.00 | 57.00 | 75.00 | OK | |
r-devel-windows-ix86+x86_64-gcc8 | 1.0.1 | 15.00 | 66.00 | 81.00 | OK | |
r-patched-linux-x86_64 | 1.0.1 | 3.55 | 33.13 | 36.68 | OK | |
r-patched-solaris-x86 | 1.0.1 | 79.70 | OK | |||
r-release-linux-x86_64 | 1.0.1 | 3.83 | 34.31 | 38.14 | OK | |
r-release-windows-ix86+x86_64 | 1.0.1 | 31.00 | 94.00 | 125.00 | OK | |
r-release-osx-x86_64 | 1.0.1 | WARN | ||||
r-oldrel-windows-ix86+x86_64 | 1.0.1 | 16.00 | 91.00 | 107.00 | OK | |
r-oldrel-osx-x86_64 | 1.0.1 | OK |
Version: 1.0.1
Check: whether package can be installed
Result: WARN
Found the following significant warnings:
Warning: 'rgl_init' failed, running with rgl.useNULL = TRUE
Flavor: r-release-osx-x86_64