Last updated on 2020-03-27 00:49:37 CET.
Flavor | Version | Tinstall | Tcheck | Ttotal | Status | Flags |
---|---|---|---|---|---|---|
r-devel-linux-x86_64-debian-clang | 1.0.6 | 105.26 | 30.93 | 136.19 | OK | |
r-devel-linux-x86_64-debian-gcc | 1.0.6 | 71.17 | 24.46 | 95.63 | WARN | |
r-devel-linux-x86_64-fedora-clang | 1.0.6 | 195.11 | NOTE | |||
r-devel-linux-x86_64-fedora-gcc | 1.0.6 | 178.63 | WARN | |||
r-devel-windows-ix86+x86_64 | 1.0.6 | 182.00 | 70.00 | 252.00 | OK | |
r-devel-windows-ix86+x86_64-gcc8 | 1.0.6 | 222.00 | 65.00 | 287.00 | OK | |
r-patched-linux-x86_64 | 1.0.6 | 85.23 | 27.87 | 113.10 | OK | |
r-patched-solaris-x86 | 1.0.6 | 173.20 | OK | |||
r-release-linux-x86_64 | 1.0.6 | 87.05 | 27.79 | 114.84 | OK | |
r-release-windows-ix86+x86_64 | 1.0.6 | 229.00 | 96.00 | 325.00 | OK | |
r-release-osx-x86_64 | 1.0.6 | NOTE | ||||
r-oldrel-windows-ix86+x86_64 | 1.0.6 | 297.00 | 88.00 | 385.00 | OK | |
r-oldrel-osx-x86_64 | 1.0.6 | OK |
Version: 1.0.6
Check: whether package can be installed
Result: WARN
Found the following significant warnings:
/home/hornik/tmp/R.check/r-devel-gcc/Work/build/Packages/BH/include/boost/graph/detail/adjacency_list.hpp:2239:43: warning: ‘p.Edge::color’ is used uninitialized in this function [-Wuninitialized]
Flavor: r-devel-linux-x86_64-debian-gcc
Version: 1.0.6
Check: installed package size
Result: NOTE
installed size is 6.8Mb
sub-directories of 1Mb or more:
libs 6.6Mb
Flavors: r-devel-linux-x86_64-fedora-clang, r-release-osx-x86_64
Version: 1.0.6
Check: whether package can be installed
Result: WARN
Found the following significant warnings:
/data/gannet/ripley/R/test-4.0/BH/include/boost/graph/detail/adjacency_list.hpp:2239:43: warning: ‘p.Edge::color’ is used uninitialized in this function [-Wuninitialized]
Flavor: r-devel-linux-x86_64-fedora-gcc