CRAN Package Check Results for Package Sojourn

Last updated on 2020-03-27 00:49:37 CET.

Flavor Version Tinstall Tcheck Ttotal Status Flags
r-devel-linux-x86_64-debian-clang 0.1.0 4.32 77.66 81.98 OK
r-devel-linux-x86_64-debian-gcc 0.1.0 3.85 58.93 62.78 OK
r-devel-linux-x86_64-fedora-clang 0.1.0 103.26 NOTE
r-devel-linux-x86_64-fedora-gcc 0.1.0 94.38 NOTE
r-devel-windows-ix86+x86_64 0.1.0 18.00 75.00 93.00 OK
r-devel-windows-ix86+x86_64-gcc8 0.1.0 20.00 86.00 106.00 OK
r-patched-linux-x86_64 0.1.0 5.70 66.64 72.34 OK
r-patched-solaris-x86 0.1.0 138.90 NOTE
r-release-linux-x86_64 0.1.0 3.80 67.59 71.39 OK
r-release-windows-ix86+x86_64 0.1.0 25.00 115.00 140.00 OK
r-release-osx-x86_64 0.1.0 NOTE
r-oldrel-windows-ix86+x86_64 0.1.0 9.00 94.00 103.00 OK
r-oldrel-osx-x86_64 0.1.0 NOTE

Check Details

Version: 0.1.0
Check: dependencies in R code
Result: NOTE
    Namespaces in Imports field not imported from:
     ‘AGread’ ‘caret’
     All declared Imports should be used.
Flavors: r-devel-linux-x86_64-fedora-clang, r-devel-linux-x86_64-fedora-gcc, r-patched-solaris-x86, r-release-osx-x86_64, r-oldrel-osx-x86_64