CRAN Package Check Results for Package SpaDES.core

Last updated on 2020-03-27 00:49:37 CET.

Flavor Version Tinstall Tcheck Ttotal Status Flags
r-devel-linux-x86_64-debian-clang 1.0.0 41.93 650.00 691.93 OK
r-devel-linux-x86_64-debian-gcc 1.0.0 37.94 541.19 579.13 OK
r-devel-linux-x86_64-fedora-clang 1.0.0 733.50 OK
r-devel-linux-x86_64-fedora-gcc 1.0.0 740.76 OK
r-devel-windows-ix86+x86_64 1.0.0 73.00 478.00 551.00 OK
r-devel-windows-ix86+x86_64-gcc8 1.0.0 77.00 500.00 577.00 OK
r-patched-linux-x86_64 1.0.0 36.30 554.93 591.23 OK
r-patched-solaris-x86 1.0.0 1021.40 WARN
r-release-linux-x86_64 1.0.0 35.53 559.10 594.63 OK
r-release-windows-ix86+x86_64 1.0.0 98.00 661.00 759.00 OK
r-release-osx-x86_64 1.0.0 WARN
r-oldrel-windows-ix86+x86_64 1.0.0 76.00 621.00 697.00 OK
r-oldrel-osx-x86_64 1.0.0 WARN

Check Details

Version: 1.0.0
Check: re-building of vignette outputs
Result: WARN
    Error(s) in re-building vignettes:
     ...
    --- re-building ‘i-introduction.Rmd’ using rmarkdown
    Warning in engine$weave(file, quiet = quiet, encoding = enc) :
     Pandoc (>= 1.12.3) and/or pandoc-citeproc not available. Falling back to R Markdown v1.
    --- finished re-building ‘i-introduction.Rmd’
    
    --- re-building ‘ii-modules.Rmd’ using rmarkdown
    Warning in engine$weave(file, quiet = quiet, encoding = enc) :
     Pandoc (>= 1.12.3) and/or pandoc-citeproc not available. Falling back to R Markdown v1.
    
    Attaching package: 'igraph'
    
    The following objects are masked from 'package:stats':
    
     decompose, spectrum
    
    The following object is masked from 'package:base':
    
     union
    
    Loading required package: quickPlot
    Loading required package: reproducible
    
    Attaching package: 'SpaDES.core'
    
    The following objects are masked from 'package:stats':
    
     end, start
    
    The following object is masked from 'package:utils':
    
     citation
    
    Loading required package: SpaDES.tools
    Loading required package: RandomFields
    Loading required package: sp
    Loading required package: RandomFieldsUtils
    
    Attaching package: 'RandomFields'
    
    The following object is masked from 'package:RandomFieldsUtils':
    
     RFoptions
    
    Setting:
     options(
     spades.modulePath = '/home/ripley/R/Lib32-dev/SpaDES.core/sampleModules'
     )
    Paths set to:
     options(
     rasterTmpDir = '/tmp/RtmpeNaicI/working_dir/RtmpLkaWlL/raster'
     reproducible.cachePath = '/tmp/RtmpeNaicI/working_dir/RtmpLkaWlL/reproducible/cache'
     spades.inputPath = '/tmp/RtmpX0aGez/SpaDES/inputs'
     spades.outputPath = '/tmp/RtmpX0aGez/SpaDES/outputs'
     spades.modulePath = '/home/ripley/R/Lib32-dev/SpaDES.core/sampleModules'
     )
    2020-03-24 22:04:11 INFO:: total elpsd: 0.0075 secs | 0 checkpoint init 0
    2020-03-24 22:04:11 INFO:: total elpsd: 0.019 secs | 0 save init 0
    2020-03-24 22:04:11 INFO:: total elpsd: 0.026 secs | 0 progress init 0
    2020-03-24 22:04:11 INFO:: total elpsd: 0.032 secs | 0 load init 0
    2020-03-24 22:04:11 INFO:: total elpsd: 0.037 secs | 0 randomLandscapes init 1
    2020-03-24 22:04:16 INFO:: total elpsd: 5.2 secs | 0 fireSpread init 1
    2020-03-24 22:04:16 INFO:: total elpsd: 5.2 secs | 0 caribouMovement init 1
    2020-03-24 22:04:18 INFO:: total elpsd: 6.9 secs | 0 fireSpread burn 5
    2020-03-24 22:04:18 INFO:: total elpsd: 7.1 secs | 0 fireSpread stats 5
    2020-03-24 22:04:18 INFO:: total elpsd: 7.1 secs | 0 randomLandscapes plot 10
    2020-03-24 22:04:19 INFO:: total elpsd: 7.6 secs | 0 fireSpread plot.init 10
    2020-03-24 22:04:19 INFO:: total elpsd: 8 secs | 0.08333 caribouMovement plot.init 10
    2020-03-24 22:04:19 INFO:: total elpsd: 8.2 secs | 0.1667 caribouMovement plot 10
    2020-03-24 22:04:19 INFO:: total elpsd: 8.4 secs | 0.25 caribouMovement plot 10
    2020-03-24 22:04:20 INFO:: total elpsd: 8.5 secs | 0.3333 caribouMovement plot 10
    2020-03-24 22:04:20 INFO:: total elpsd: 8.7 secs | 0.4167 caribouMovement plot 10
    2020-03-24 22:04:20 INFO:: total elpsd: 9 secs | 0.5 caribouMovement plot 10
    2020-03-24 22:04:20 INFO:: total elpsd: 9.3 secs | 0.5833 caribouMovement plot 10
    2020-03-24 22:04:20 INFO:: total elpsd: 9.4 secs | 0.6667 caribouMovement plot 10
    2020-03-24 22:04:21 INFO:: total elpsd: 9.6 secs | 0.75 caribouMovement plot 10
    2020-03-24 22:04:21 INFO:: total elpsd: 9.8 secs | 0.8333 caribouMovement plot 10
    2020-03-24 22:04:21 INFO:: total elpsd: 10 secs | 0.9167 caribouMovement plot 10
    2020-03-24 22:04:21 INFO:: total elpsd: 10 secs | 1 caribouMovement move 5
    2020-03-24 22:04:21 INFO:: total elpsd: 10 secs | 1 fireSpread burn 5
    2020-03-24 22:04:22 INFO:: total elpsd: 10 secs | 1 fireSpread stats 5
    2020-03-24 22:04:22 INFO:: total elpsd: 10 secs | 1 caribouMovement plot 10
    2020-03-24 22:04:22 INFO:: total elpsd: 11 secs | 1.083 caribouMovement move 5
    2020-03-24 22:04:22 INFO:: total elpsd: 11 secs | 1.083 caribouMovement plot 10
    2020-03-24 22:04:22 INFO:: total elpsd: 11 secs | 1.167 caribouMovement move 5
    2020-03-24 22:04:22 INFO:: total elpsd: 11 secs | 1.167 caribouMovement plot 10
    2020-03-24 22:04:22 INFO:: total elpsd: 11 secs | 1.25 caribouMovement move 5
    2020-03-24 22:04:22 INFO:: total elpsd: 11 secs | 1.25 caribouMovement plot 10
    2020-03-24 22:04:23 INFO:: total elpsd: 11 secs | 1.333 caribouMovement move 5
    2020-03-24 22:04:23 INFO:: total elpsd: 11 secs | 1.333 caribouMovement plot 10
    2020-03-24 22:04:23 INFO:: total elpsd: 12 secs | 1.417 caribouMovement move 5
    2020-03-24 22:04:23 INFO:: total elpsd: 12 secs | 1.417 caribouMovement plot 10
    2020-03-24 22:04:23 INFO:: total elpsd: 12 secs | 1.5 caribouMovement move 5
    2020-03-24 22:04:23 INFO:: total elpsd: 12 secs | 1.5 caribouMovement plot 10
    2020-03-24 22:04:23 INFO:: total elpsd: 12 secs | 1.583 caribouMovement move 5
    2020-03-24 22:04:23 INFO:: total elpsd: 12 secs | 1.583 caribouMovement plot 10
    2020-03-24 22:04:24 INFO:: total elpsd: 12 secs | 1.667 caribouMovement move 5
    2020-03-24 22:04:24 INFO:: total elpsd: 12 secs | 1.667 caribouMovement plot 10
    2020-03-24 22:04:24 INFO:: total elpsd: 13 secs | 1.75 caribouMovement move 5
    2020-03-24 22:04:24 INFO:: total elpsd: 13 secs | 1.75 caribouMovement plot 10
    2020-03-24 22:04:24 INFO:: total elpsd: 13 secs | 1.833 caribouMovement move 5
    2020-03-24 22:04:25 INFO:: total elpsd: 13 secs | 1.833 caribouMovement plot 10
    2020-03-24 22:04:25 INFO:: total elpsd: 14 secs | 1.917 caribouMovement move 5
    2020-03-24 22:04:25 INFO:: total elpsd: 14 secs | 1.917 caribouMovement plot 10
    2020-03-24 22:04:25 INFO:: total elpsd: 14 secs | 2 fireSpread burn 5
    2020-03-24 22:04:25 INFO:: total elpsd: 14 secs | 2 caribouMovement move 5
    2020-03-24 22:04:25 INFO:: total elpsd: 14 secs | 2 fireSpread stats 5
    2020-03-24 22:04:25 INFO:: total elpsd: 14 secs | 2 caribouMovement plot 10
    simList saved in
     SpaDES.core:::.pkgEnv$.sim
    It will be deleted at next spades() call.
    Quitting from lines 386-390 (ii-modules.Rmd)
    Error: processing vignette 'ii-modules.Rmd' failed with diagnostics:
    there is no package called 'webshot'
    --- failed re-building ‘ii-modules.Rmd’
    
    --- re-building ‘iii-cache.Rmd’ using rmarkdown
    Warning in engine$weave(file, quiet = quiet, encoding = enc) :
     Pandoc (>= 1.12.3) and/or pandoc-citeproc not available. Falling back to R Markdown v1.
    Loading required package: sp
    
    Attaching package: 'raster'
    
    The following object is masked from 'package:magrittr':
    
     extract
    
    Loading required package: quickPlot
    
    Attaching package: 'SpaDES.core'
    
    The following objects are masked from 'package:stats':
    
     end, start
    
    The following object is masked from 'package:utils':
    
     citation
    
    Setting:
     options(
     spades.modulePath = '/home/ripley/R/Lib32-dev/SpaDES.core/sampleModules'
     )
    Paths set to:
     options(
     rasterTmpDir = '/tmp/RtmpeNaicI/working_dir/Rtmpf2aWjS/raster'
     reproducible.cachePath = '/tmp/RtmpeNaicI/working_dir/Rtmpf2aWjS/reproducible/cache'
     spades.inputPath = '/tmp/RtmpX0aGez/SpaDES/inputs'
     spades.outputPath = '/tmp/RtmpX0aGez/SpaDES/outputs'
     spades.modulePath = '/home/ripley/R/Lib32-dev/SpaDES.core/sampleModules'
     )
    --- finished re-building ‘iii-cache.Rmd’
    
    --- re-building ‘iv-advanced.Rmd’ using rmarkdown
    Warning in engine$weave(file, quiet = quiet, encoding = enc) :
     Pandoc (>= 1.12.3) and/or pandoc-citeproc not available. Falling back to R Markdown v1.
    --- finished re-building ‘iv-advanced.Rmd’
    
    SUMMARY: processing the following file failed:
     ‘ii-modules.Rmd’
    
    Error: Vignette re-building failed.
    Execution halted
Flavor: r-patched-solaris-x86

Version: 1.0.0
Check: dependencies in R code
Result: NOTE
    No protocol specified
    No protocol specified
Flavors: r-release-osx-x86_64, r-oldrel-osx-x86_64

Version: 1.0.0
Check: re-building of vignette outputs
Result: WARN
    Error(s) in re-building vignettes:
    --- re-building ‘i-introduction.Rmd’ using rmarkdown
    Warning in engine$weave(file, quiet = quiet, encoding = enc) :
     Pandoc (>= 1.12.3) and/or pandoc-citeproc not available. Falling back to R Markdown v1.
    --- finished re-building ‘i-introduction.Rmd’
    
    --- re-building ‘ii-modules.Rmd’ using rmarkdown
    Warning in engine$weave(file, quiet = quiet, encoding = enc) :
     Pandoc (>= 1.12.3) and/or pandoc-citeproc not available. Falling back to R Markdown v1.
    
    Attaching package: 'igraph'
    
    The following objects are masked from 'package:stats':
    
     decompose, spectrum
    
    The following object is masked from 'package:base':
    
     union
    
    Loading required package: quickPlot
    Loading required package: reproducible
    
    Attaching package: 'SpaDES.core'
    
    The following objects are masked from 'package:stats':
    
     end, start
    
    The following object is masked from 'package:utils':
    
     citation
    
    Loading required package: SpaDES.tools
    Loading required package: RandomFields
    Loading required package: sp
    Loading required package: RandomFieldsUtils
    
    Attaching package: 'RandomFields'
    
    The following object is masked from 'package:RandomFieldsUtils':
    
     RFoptions
    
    Setting:
     options(
     spades.modulePath = '/Volumes/SSD-Data/Builds/R-dev-web/QA/Simon/packages/el-capitan-x86_64/results/3.6/SpaDES.core.Rcheck/SpaDES.core/sampleModules'
     )
    Paths set to:
     options(
     rasterTmpDir = '/private/tmp/RtmpNoarbA/raster'
     reproducible.cachePath = '/private/tmp/RtmpNoarbA/reproducible/cache'
     spades.inputPath = '/private/tmp/RtmpAT5q9s/SpaDES/inputs'
     spades.outputPath = '/private/tmp/RtmpAT5q9s/SpaDES/outputs'
     spades.modulePath = '/Volumes/SSD-Data/Builds/R-dev-web/QA/Simon/packages/el-capitan-x86_64/results/3.6/SpaDES.core.Rcheck/SpaDES.core/sampleModules'
     )
    2020-02-22 11:43:43 INFO:: total elpsd: 0.0028 secs | 0 checkpoint init 0
    2020-02-22 11:43:43 INFO:: total elpsd: 0.0083 secs | 0 save init 0
    2020-02-22 11:43:43 INFO:: total elpsd: 0.013 secs | 0 progress init 0
    2020-02-22 11:43:43 INFO:: total elpsd: 0.016 secs | 0 load init 0
    2020-02-22 11:43:43 INFO:: total elpsd: 0.019 secs | 0 randomLandscapes init 1
    2020-02-22 11:43:45 INFO:: total elpsd: 1.9 secs | 0 fireSpread init 1
    2020-02-22 11:43:45 INFO:: total elpsd: 1.9 secs | 0 caribouMovement init 1
    2020-02-22 11:43:46 INFO:: total elpsd: 2.8 secs | 0 fireSpread burn 5
    2020-02-22 11:43:46 INFO:: total elpsd: 2.8 secs | 0 fireSpread stats 5
    2020-02-22 11:43:46 INFO:: total elpsd: 2.9 secs | 0 randomLandscapes plot 10
    2020-02-22 11:43:46 INFO:: total elpsd: 3.1 secs | 0 fireSpread plot.init 10
    2020-02-22 11:43:46 INFO:: total elpsd: 3.3 secs | 0.08333 caribouMovement plot.init 10
    2020-02-22 11:43:46 INFO:: total elpsd: 3.4 secs | 0.1667 caribouMovement plot 10
    2020-02-22 11:43:47 INFO:: total elpsd: 3.5 secs | 0.25 caribouMovement plot 10
    2020-02-22 11:43:47 INFO:: total elpsd: 3.7 secs | 0.3333 caribouMovement plot 10
    2020-02-22 11:43:47 INFO:: total elpsd: 3.8 secs | 0.4167 caribouMovement plot 10
    2020-02-22 11:43:47 INFO:: total elpsd: 3.9 secs | 0.5 caribouMovement plot 10
    2020-02-22 11:43:47 INFO:: total elpsd: 4.1 secs | 0.5833 caribouMovement plot 10
    2020-02-22 11:43:47 INFO:: total elpsd: 4.2 secs | 0.6667 caribouMovement plot 10
    2020-02-22 11:43:47 INFO:: total elpsd: 4.3 secs | 0.75 caribouMovement plot 10
    2020-02-22 11:43:47 INFO:: total elpsd: 4.5 secs | 0.8333 caribouMovement plot 10
    2020-02-22 11:43:48 INFO:: total elpsd: 4.6 secs | 0.9167 caribouMovement plot 10
    2020-02-22 11:43:48 INFO:: total elpsd: 4.8 secs | 1 caribouMovement move 5
    2020-02-22 11:43:48 INFO:: total elpsd: 4.8 secs | 1 fireSpread burn 5
    2020-02-22 11:43:48 INFO:: total elpsd: 4.8 secs | 1 fireSpread stats 5
    2020-02-22 11:43:48 INFO:: total elpsd: 4.8 secs | 1 caribouMovement plot 10
    2020-02-22 11:43:48 INFO:: total elpsd: 5 secs | 1.083 caribouMovement move 5
    2020-02-22 11:43:48 INFO:: total elpsd: 5 secs | 1.083 caribouMovement plot 10
    2020-02-22 11:43:48 INFO:: total elpsd: 5.1 secs | 1.167 caribouMovement move 5
    2020-02-22 11:43:48 INFO:: total elpsd: 5.2 secs | 1.167 caribouMovement plot 10
    2020-02-22 11:43:48 INFO:: total elpsd: 5.3 secs | 1.25 caribouMovement move 5
    2020-02-22 11:43:48 INFO:: total elpsd: 5.3 secs | 1.25 caribouMovement plot 10
    2020-02-22 11:43:48 INFO:: total elpsd: 5.5 secs | 1.333 caribouMovement move 5
    2020-02-22 11:43:48 INFO:: total elpsd: 5.5 secs | 1.333 caribouMovement plot 10
    2020-02-22 11:43:49 INFO:: total elpsd: 5.6 secs | 1.417 caribouMovement move 5
    2020-02-22 11:43:49 INFO:: total elpsd: 5.6 secs | 1.417 caribouMovement plot 10
    2020-02-22 11:43:49 INFO:: total elpsd: 5.8 secs | 1.5 caribouMovement move 5
    2020-02-22 11:43:49 INFO:: total elpsd: 5.8 secs | 1.5 caribouMovement plot 10
    2020-02-22 11:43:49 INFO:: total elpsd: 5.9 secs | 1.583 caribouMovement move 5
    2020-02-22 11:43:49 INFO:: total elpsd: 5.9 secs | 1.583 caribouMovement plot 10
    2020-02-22 11:43:49 INFO:: total elpsd: 6.1 secs | 1.667 caribouMovement move 5
    2020-02-22 11:43:49 INFO:: total elpsd: 6.1 secs | 1.667 caribouMovement plot 10
    2020-02-22 11:43:49 INFO:: total elpsd: 6.2 secs | 1.75 caribouMovement move 5
    2020-02-22 11:43:49 INFO:: total elpsd: 6.2 secs | 1.75 caribouMovement plot 10
    2020-02-22 11:43:49 INFO:: total elpsd: 6.4 secs | 1.833 caribouMovement move 5
    2020-02-22 11:43:49 INFO:: total elpsd: 6.4 secs | 1.833 caribouMovement plot 10
    2020-02-22 11:43:50 INFO:: total elpsd: 6.5 secs | 1.917 caribouMovement move 5
    2020-02-22 11:43:50 INFO:: total elpsd: 6.6 secs | 1.917 caribouMovement plot 10
    2020-02-22 11:43:50 INFO:: total elpsd: 6.7 secs | 2 fireSpread burn 5
    2020-02-22 11:43:50 INFO:: total elpsd: 6.7 secs | 2 caribouMovement move 5
    2020-02-22 11:43:50 INFO:: total elpsd: 6.7 secs | 2 fireSpread stats 5
    2020-02-22 11:43:50 INFO:: total elpsd: 6.7 secs | 2 caribouMovement plot 10
    simList saved in
     SpaDES.core:::.pkgEnv$.sim
    It will be deleted at next spades() call.
    Quitting from lines 386-390 (ii-modules.Rmd)
    Error: processing vignette 'ii-modules.Rmd' failed with diagnostics:
    cannot open the connection
    --- failed re-building ‘ii-modules.Rmd’
    
    --- re-building ‘iii-cache.Rmd’ using rmarkdown
    Warning in engine$weave(file, quiet = quiet, encoding = enc) :
     Pandoc (>= 1.12.3) and/or pandoc-citeproc not available. Falling back to R Markdown v1.
    Loading required package: sp
    
    Attaching package: 'raster'
    
    The following object is masked from 'package:magrittr':
    
     extract
    
    Loading required package: quickPlot
    
    Attaching package: 'SpaDES.core'
    
    The following objects are masked from 'package:stats':
    
     end, start
    
    The following object is masked from 'package:utils':
    
     citation
    
    Setting:
     options(
     spades.modulePath = '/Volumes/SSD-Data/Builds/R-dev-web/QA/Simon/packages/el-capitan-x86_64/results/3.6/SpaDES.core.Rcheck/SpaDES.core/sampleModules'
     )
    Paths set to:
     options(
     rasterTmpDir = '/private/tmp/RtmpLn9mlb/raster'
     reproducible.cachePath = '/private/tmp/RtmpLn9mlb/reproducible/cache'
     spades.inputPath = '/private/tmp/RtmpAT5q9s/SpaDES/inputs'
     spades.outputPath = '/private/tmp/RtmpAT5q9s/SpaDES/outputs'
     spades.modulePath = '/Volumes/SSD-Data/Builds/R-dev-web/QA/Simon/packages/el-capitan-x86_64/results/3.6/SpaDES.core.Rcheck/SpaDES.core/sampleModules'
     )
    --- finished re-building ‘iii-cache.Rmd’
    
    --- re-building ‘iv-advanced.Rmd’ using rmarkdown
    Warning in engine$weave(file, quiet = quiet, encoding = enc) :
     Pandoc (>= 1.12.3) and/or pandoc-citeproc not available. Falling back to R Markdown v1.
    --- finished re-building ‘iv-advanced.Rmd’
    
    SUMMARY: processing the following file failed:
     ‘ii-modules.Rmd’
    
    Error: Vignette re-building failed.
    Execution halted
Flavor: r-release-osx-x86_64

Version: 1.0.0
Check: re-building of vignette outputs
Result: WARN
    Error in re-building vignettes:
     ...
    2020-02-22 02:44:55 INFO:: total elpsd: 5.5 secs | 1.417 caribouMovement move 5
    2020-02-22 02:44:55 INFO:: total elpsd: 5.5 secs | 1.417 caribouMovement plot 10
    2020-02-22 02:44:55 INFO:: total elpsd: 5.7 secs | 1.5 caribouMovement move 5
    2020-02-22 02:44:55 INFO:: total elpsd: 5.7 secs | 1.5 caribouMovement plot 10
    2020-02-22 02:44:56 INFO:: total elpsd: 5.8 secs | 1.583 caribouMovement move 5
    2020-02-22 02:44:56 INFO:: total elpsd: 5.8 secs | 1.583 caribouMovement plot 10
    2020-02-22 02:44:56 INFO:: total elpsd: 6 secs | 1.667 caribouMovement move 5
    2020-02-22 02:44:56 INFO:: total elpsd: 6 secs | 1.667 caribouMovement plot 10
    2020-02-22 02:44:56 INFO:: total elpsd: 6.1 secs | 1.75 caribouMovement move 5
    2020-02-22 02:44:56 INFO:: total elpsd: 6.2 secs | 1.75 caribouMovement plot 10
    2020-02-22 02:44:56 INFO:: total elpsd: 6.3 secs | 1.833 caribouMovement move 5
    2020-02-22 02:44:56 INFO:: total elpsd: 6.3 secs | 1.833 caribouMovement plot 10
    2020-02-22 02:44:56 INFO:: total elpsd: 6.4 secs | 1.917 caribouMovement move 5
    2020-02-22 02:44:56 INFO:: total elpsd: 6.5 secs | 1.917 caribouMovement plot 10
    2020-02-22 02:44:56 INFO:: total elpsd: 6.6 secs | 2 fireSpread burn 5
    2020-02-22 02:44:56 INFO:: total elpsd: 6.6 secs | 2 caribouMovement move 5
    2020-02-22 02:44:56 INFO:: total elpsd: 6.6 secs | 2 fireSpread stats 5
    2020-02-22 02:44:56 INFO:: total elpsd: 6.6 secs | 2 caribouMovement plot 10
    simList saved in
     SpaDES.core:::.pkgEnv$.sim
    It will be deleted at next spades() call.
    Quitting from lines 386-390 (ii-modules.Rmd)
    Error: processing vignette 'ii-modules.Rmd' failed with diagnostics:
    cannot open the connection
    Execution halted
Flavor: r-oldrel-osx-x86_64