CRAN Package Check Results for Package SpatialBall

Last updated on 2020-03-27 00:49:37 CET.

Flavor Version Tinstall Tcheck Ttotal Status Flags
r-devel-linux-x86_64-debian-clang 0.1.0 13.18 72.55 85.73 NOTE
r-devel-linux-x86_64-debian-gcc 0.1.0 11.26 56.44 67.70 NOTE
r-devel-linux-x86_64-fedora-clang 0.1.0 110.72 NOTE
r-devel-linux-x86_64-fedora-gcc 0.1.0 103.01 NOTE
r-devel-windows-ix86+x86_64 0.1.0 25.00 76.00 101.00 NOTE
r-devel-windows-ix86+x86_64-gcc8 0.1.0 26.00 90.00 116.00 NOTE
r-patched-linux-x86_64 0.1.0 11.62 65.63 77.25 OK
r-patched-solaris-x86 0.1.0 174.40 NOTE
r-release-linux-x86_64 0.1.0 12.61 66.36 78.97 OK
r-release-windows-ix86+x86_64 0.1.0 35.00 119.00 154.00 OK
r-release-osx-x86_64 0.1.0 NOTE
r-oldrel-windows-ix86+x86_64 0.1.0 25.00 113.00 138.00 OK
r-oldrel-osx-x86_64 0.1.0 NOTE

Check Details

Version: 0.1.0
Check: package vignettes
Result: NOTE
    Package vignette with placeholder title 'Vignette Title':
     'Starting.Rmd'
Flavors: r-devel-linux-x86_64-debian-clang, r-devel-linux-x86_64-debian-gcc, r-devel-windows-ix86+x86_64, r-devel-windows-ix86+x86_64-gcc8

Version: 0.1.0
Check: dependencies in R code
Result: NOTE
    Namespace in Imports field not imported from: ‘lubridate’
     All declared Imports should be used.
Flavors: r-devel-linux-x86_64-fedora-clang, r-devel-linux-x86_64-fedora-gcc, r-patched-solaris-x86, r-release-osx-x86_64, r-oldrel-osx-x86_64