Last updated on 2020-03-27 00:49:37 CET.
Flavor | Version | Tinstall | Tcheck | Ttotal | Status | Flags |
---|---|---|---|---|---|---|
r-devel-linux-x86_64-debian-clang | 0.6-5 | 26.99 | 217.24 | 244.23 | OK | |
r-devel-linux-x86_64-debian-gcc | 0.6-5 | 22.04 | 163.91 | 185.95 | OK | |
r-devel-linux-x86_64-fedora-clang | 0.6-5 | 307.89 | OK | |||
r-devel-linux-x86_64-fedora-gcc | 0.6-5 | 285.16 | OK | |||
r-devel-windows-ix86+x86_64 | 0.6-5 | 35.00 | 228.00 | 263.00 | OK | |
r-devel-windows-ix86+x86_64-gcc8 | 0.6-5 | 41.00 | 237.00 | 278.00 | OK | |
r-patched-linux-x86_64 | 0.6-5 | 24.38 | 190.23 | 214.61 | OK | |
r-patched-solaris-x86 | 0.6-5 | 422.30 | NOTE | |||
r-release-linux-x86_64 | 0.6-5 | 23.22 | 189.04 | 212.26 | OK | |
r-release-windows-ix86+x86_64 | 0.6-5 | 57.00 | 317.00 | 374.00 | OK | |
r-release-osx-x86_64 | 0.6-5 | OK | ||||
r-oldrel-windows-ix86+x86_64 | 0.6-5 | 43.00 | 238.00 | 281.00 | OK | |
r-oldrel-osx-x86_64 | 0.6-5 | OK |
Version: 0.6-5
Check: installed package size
Result: NOTE
installed size is 5.1Mb
sub-directories of 1Mb or more:
data 3.6Mb
Flavor: r-patched-solaris-x86