Last updated on 2020-03-27 00:49:38 CET.
Flavor | Version | Tinstall | Tcheck | Ttotal | Status | Flags |
---|---|---|---|---|---|---|
r-devel-linux-x86_64-debian-clang | 1.0.1 | 62.73 | 33.04 | 95.77 | OK | |
r-devel-linux-x86_64-debian-gcc | 1.0.1 | 44.42 | 25.76 | 70.18 | OK | |
r-devel-linux-x86_64-fedora-clang | 1.0.1 | 129.18 | NOTE | |||
r-devel-linux-x86_64-fedora-gcc | 1.0.1 | 121.33 | OK | |||
r-devel-windows-ix86+x86_64 | 1.0.1 | 86.00 | 79.00 | 165.00 | OK | |
r-devel-windows-ix86+x86_64-gcc8 | 1.0.1 | 110.00 | 82.00 | 192.00 | OK | |
r-patched-linux-x86_64 | 1.0.1 | 47.50 | 29.87 | 77.37 | OK | |
r-patched-solaris-x86 | 1.0.1 | 128.80 | OK | |||
r-release-linux-x86_64 | 1.0.1 | 53.23 | 29.98 | 83.21 | OK | |
r-release-windows-ix86+x86_64 | 1.0.1 | 154.00 | 118.00 | 272.00 | OK | |
r-release-osx-x86_64 | 1.0.1 | NOTE | ||||
r-oldrel-windows-ix86+x86_64 | 1.0.1 | 134.00 | 96.00 | 230.00 | OK | |
r-oldrel-osx-x86_64 | 1.0.1 | NOTE |
Version: 1.0.1
Check: installed package size
Result: NOTE
installed size is 5.8Mb
sub-directories of 1Mb or more:
libs 5.6Mb
Flavors: r-devel-linux-x86_64-fedora-clang, r-release-osx-x86_64, r-oldrel-osx-x86_64