Last updated on 2020-03-27 00:49:38 CET.
Flavor | Version | Tinstall | Tcheck | Ttotal | Status | Flags |
---|---|---|---|---|---|---|
r-devel-linux-x86_64-debian-clang | 1.6.9 | 119.53 | 87.55 | 207.08 | OK | |
r-devel-linux-x86_64-debian-gcc | 1.6.9 | 107.62 | 65.63 | 173.25 | OK | |
r-devel-linux-x86_64-fedora-clang | 1.6.9 | 291.05 | NOTE | |||
r-devel-linux-x86_64-fedora-gcc | 1.6.9 | 287.79 | NOTE | |||
r-devel-windows-ix86+x86_64 | 1.6.9 | 171.00 | 157.00 | 328.00 | OK | |
r-devel-windows-ix86+x86_64-gcc8 | 1.6.9 | 193.00 | 164.00 | 357.00 | NOTE | |
r-patched-linux-x86_64 | 1.6.9 | 113.57 | 82.53 | 196.10 | OK | |
r-patched-solaris-x86 | 1.6.9 | 279.20 | NOTE | |||
r-release-linux-x86_64 | 1.6.9 | 107.00 | 81.86 | 188.86 | OK | |
r-release-windows-ix86+x86_64 | 1.6.9 | 259.00 | 194.00 | 453.00 | OK | |
r-release-osx-x86_64 | 1.6.9 | NOTE | ||||
r-oldrel-windows-ix86+x86_64 | 1.6.9 | 243.00 | 200.00 | 443.00 | OK | |
r-oldrel-osx-x86_64 | 1.6.9 | NOTE |
Version: 1.6.9
Check: installed package size
Result: NOTE
installed size is 33.8Mb
sub-directories of 1Mb or more:
libs 32.5Mb
Flavors: r-devel-linux-x86_64-fedora-clang, r-devel-windows-ix86+x86_64-gcc8, r-release-osx-x86_64, r-oldrel-osx-x86_64
Version: 1.6.9
Check: dependencies in R code
Result: NOTE
Namespace in Imports field not imported from: ‘scales’
All declared Imports should be used.
Flavors: r-devel-linux-x86_64-fedora-clang, r-devel-linux-x86_64-fedora-gcc, r-patched-solaris-x86, r-release-osx-x86_64, r-oldrel-osx-x86_64