Last updated on 2020-03-27 00:49:39 CET.
Flavor | Version | Tinstall | Tcheck | Ttotal | Status | Flags |
---|---|---|---|---|---|---|
r-devel-linux-x86_64-debian-clang | 1.1 | 4.08 | 36.64 | 40.72 | OK | |
r-devel-linux-x86_64-debian-gcc | 1.1 | 3.93 | 28.24 | 32.17 | OK | |
r-devel-linux-x86_64-fedora-clang | 1.1 | 51.43 | OK | |||
r-devel-linux-x86_64-fedora-gcc | 1.1 | 47.88 | OK | |||
r-devel-windows-ix86+x86_64 | 1.1 | 11.00 | 51.00 | 62.00 | OK | |
r-devel-windows-ix86+x86_64-gcc8 | 1.0 | 9.00 | 52.00 | 61.00 | NOTE | |
r-patched-linux-x86_64 | 1.1 | 4.38 | 33.83 | 38.21 | OK | |
r-patched-solaris-x86 | 1.1 | 71.90 | OK | |||
r-release-linux-x86_64 | 1.1 | 4.33 | 33.51 | 37.84 | OK | |
r-release-windows-ix86+x86_64 | 1.1 | 13.00 | 69.00 | 82.00 | OK | |
r-release-osx-x86_64 | 1.1 | OK | ||||
r-oldrel-windows-ix86+x86_64 | 1.0 | 7.00 | 46.00 | 53.00 | NOTE | |
r-oldrel-osx-x86_64 | 1.1 | ERROR |
Version: 1.0
Check: R code for possible problems
Result: NOTE
search_collection: no visible global function definition for
'URLencode'
search_company: no visible global function definition for 'URLencode'
search_keyword: no visible global function definition for 'URLencode'
search_list: no visible global function definition for 'URLencode'
search_movie: no visible global function definition for 'URLencode'
search_multi: no visible global function definition for 'URLencode'
search_person: no visible global function definition for 'URLencode'
search_tv: no visible global function definition for 'URLencode'
Undefined global functions or variables:
URLencode
Consider adding
importFrom("utils", "URLencode")
to your NAMESPACE file.
Flavors: r-devel-windows-ix86+x86_64-gcc8, r-oldrel-windows-ix86+x86_64
Version: 1.1
Check: whether package can be installed
Result: ERROR
Installation failed.
Flavor: r-oldrel-osx-x86_64