Last updated on 2020-03-27 00:49:39 CET.
Flavor | Version | Tinstall | Tcheck | Ttotal | Status | Flags |
---|---|---|---|---|---|---|
r-devel-linux-x86_64-debian-clang | 1.6.2 | 18.94 | 125.51 | 144.45 | OK | --no-vignettes |
r-devel-linux-x86_64-debian-gcc | 1.6.2 | 16.15 | 93.63 | 109.78 | OK | --no-vignettes |
r-devel-linux-x86_64-fedora-clang | 1.6.2 | 974.41 | NOTE | |||
r-devel-linux-x86_64-fedora-gcc | 1.6.2 | 834.24 | NOTE | |||
r-devel-windows-ix86+x86_64 | 1.6.2 | 38.00 | 181.00 | 219.00 | OK | --no-vignettes |
r-devel-windows-ix86+x86_64-gcc8 | 1.6.2 | 35.00 | 136.00 | 171.00 | OK | --no-vignettes |
r-patched-linux-x86_64 | 1.6.2 | 13.10 | 108.06 | 121.16 | OK | --no-vignettes |
r-patched-solaris-x86 | 1.6.2 | 1566.90 | NOTE | |||
r-release-linux-x86_64 | 1.6.2 | 14.06 | 107.15 | 121.21 | OK | --no-vignettes |
r-release-windows-ix86+x86_64 | 1.6.2 | 31.00 | 140.00 | 171.00 | OK | --no-vignettes |
r-release-osx-x86_64 | 1.6.2 | NOTE | ||||
r-oldrel-windows-ix86+x86_64 | 1.6.2 | 30.00 | 184.00 | 214.00 | OK | --no-vignettes |
r-oldrel-osx-x86_64 | 1.6.2 | NOTE |
Version: 1.6.2
Check: dependencies in R code
Result: NOTE
Namespace in Imports field not imported from: ‘Hmisc’
All declared Imports should be used.
Flavors: r-devel-linux-x86_64-fedora-clang, r-devel-linux-x86_64-fedora-gcc, r-patched-solaris-x86, r-release-osx-x86_64, r-oldrel-osx-x86_64