CRAN Package Check Results for Package VTrack

Last updated on 2020-03-27 00:49:40 CET.

Flavor Version Tinstall Tcheck Ttotal Status Flags
r-devel-linux-x86_64-debian-clang 1.21 19.70 178.72 198.42 OK
r-devel-linux-x86_64-debian-gcc 1.21 19.14 136.32 155.46 OK
r-devel-linux-x86_64-fedora-clang 1.21 255.67 NOTE
r-devel-linux-x86_64-fedora-gcc 1.21 237.03 NOTE
r-devel-windows-ix86+x86_64 1.21 45.00 169.00 214.00 OK
r-devel-windows-ix86+x86_64-gcc8 1.21 46.00 173.00 219.00 OK
r-patched-linux-x86_64 1.21 18.98 153.30 172.28 OK
r-patched-solaris-x86 1.21 421.00 NOTE
r-release-linux-x86_64 1.21 17.98 153.84 171.82 OK
r-release-windows-ix86+x86_64 1.21 40.00 223.00 263.00 OK
r-release-osx-x86_64 1.21 NOTE
r-oldrel-windows-ix86+x86_64 1.21 35.00 174.00 209.00 OK
r-oldrel-osx-x86_64 1.21 NOTE

Check Details

Version: 1.21
Check: dependencies in R code
Result: NOTE
    Namespaces in Imports field not imported from:
     ‘Hmisc’ ‘XML’ ‘checkmate’ ‘gstat’ ‘intervals’
     All declared Imports should be used.
Flavors: r-devel-linux-x86_64-fedora-clang, r-devel-linux-x86_64-fedora-gcc, r-patched-solaris-x86, r-release-osx-x86_64, r-oldrel-osx-x86_64