Last updated on 2020-03-27 00:49:40 CET.
Flavor | Version | Tinstall | Tcheck | Ttotal | Status | Flags |
---|---|---|---|---|---|---|
r-devel-linux-x86_64-debian-clang | 1.69 | 66.30 | 332.34 | 398.64 | OK | |
r-devel-linux-x86_64-debian-gcc | 1.69 | 54.52 | 248.06 | 302.58 | OK | |
r-devel-linux-x86_64-fedora-clang | 1.69 | 471.65 | OK | |||
r-devel-linux-x86_64-fedora-gcc | 1.69 | 463.89 | OK | |||
r-devel-windows-ix86+x86_64 | 1.69 | 40.00 | 7.00 | 47.00 | ERROR | |
r-devel-windows-ix86+x86_64-gcc8 | 1.69 | 110.00 | 404.00 | 514.00 | NOTE | |
r-patched-linux-x86_64 | 1.69 | 54.12 | 286.33 | 340.45 | OK | |
r-patched-solaris-x86 | 1.69 | 620.60 | OK | |||
r-release-linux-x86_64 | 1.69 | 49.91 | 285.92 | 335.83 | OK | |
r-release-windows-ix86+x86_64 | 1.69 | 150.00 | 552.00 | 702.00 | OK | |
r-release-osx-x86_64 | 1.69 | ERROR | ||||
r-oldrel-windows-ix86+x86_64 | 1.69 | 44.00 | 5.00 | 49.00 | ERROR | |
r-oldrel-osx-x86_64 | 1.69 | NOTE |
Version: 1.69
Check: whether package can be installed
Result: ERROR
Installation failed.
Flavors: r-devel-windows-ix86+x86_64, r-oldrel-windows-ix86+x86_64
Version: 1.69
Check: installed package size
Result: NOTE
installed size is 5.1Mb
sub-directories of 1Mb or more:
R 1.2Mb
libs 2.2Mb
Flavor: r-devel-windows-ix86+x86_64-gcc8
Version: 1.69
Check: package dependencies
Result: ERROR
Package required but not available: ‘GO.db’
Packages suggested but not available for checking:
'org.Hs.eg.db', 'org.Mm.eg.db'
See section ‘The DESCRIPTION file’ in the ‘Writing R Extensions’
manual.
Flavor: r-release-osx-x86_64
Version: 1.69
Check: package dependencies
Result: NOTE
Package suggested but not available for checking: ‘org.Mm.eg.db’
Flavor: r-oldrel-osx-x86_64