CRAN Package Check Results for Package Wrapped

Last updated on 2020-03-27 00:49:40 CET.

Flavor Version Tinstall Tcheck Ttotal Status Flags
r-devel-linux-x86_64-debian-clang 2.0 17.61 136.51 154.12 OK
r-devel-linux-x86_64-debian-gcc 2.0 11.99 104.77 116.76 OK
r-devel-linux-x86_64-fedora-clang 2.0 191.12 NOTE
r-devel-linux-x86_64-fedora-gcc 2.0 177.92 OK
r-devel-windows-ix86+x86_64 2.0 32.00 206.00 238.00 OK
r-devel-windows-ix86+x86_64-gcc8 2.0 27.00 219.00 246.00 OK
r-patched-linux-x86_64 2.0 13.17 117.78 130.95 OK
r-patched-solaris-x86 2.0 271.40 OK
r-release-linux-x86_64 2.0 12.11 118.22 130.33 OK
r-release-windows-ix86+x86_64 2.0 36.00 280.00 316.00 OK
r-release-osx-x86_64 2.0 OK
r-oldrel-windows-ix86+x86_64 2.0 23.00 282.00 305.00 OK
r-oldrel-osx-x86_64 2.0 OK

Check Details

Version: 2.0
Check: package dependencies
Result: NOTE
    Imports includes 22 non-default packages.
    Importing from so many packages makes the package vulnerable to any of
    them becoming unavailable. Move as many as possible to Suggests and
    use conditionally.
Flavor: r-devel-linux-x86_64-fedora-clang