Last updated on 2020-03-27 00:49:14 CET.
Flavor | Version | Tinstall | Tcheck | Ttotal | Status | Flags |
---|---|---|---|---|---|---|
r-devel-linux-x86_64-debian-clang | 1.0.0 | 3.16 | 270.77 | 273.93 | OK | |
r-devel-linux-x86_64-debian-gcc | 1.0.0 | 2.97 | 196.91 | 199.88 | OK | |
r-devel-linux-x86_64-fedora-clang | 1.0.0 | 338.64 | OK | |||
r-devel-linux-x86_64-fedora-gcc | 1.0.0 | 320.89 | OK | |||
r-devel-windows-ix86+x86_64 | 1.0.0 | 8.00 | 304.00 | 312.00 | OK | |
r-devel-windows-ix86+x86_64-gcc8 | 1.0.0 | 8.00 | 294.00 | 302.00 | OK | |
r-patched-linux-x86_64 | 1.0.0 | 3.22 | 259.38 | 262.60 | OK | |
r-patched-solaris-x86 | 1.0.0 | 602.90 | OK | |||
r-release-linux-x86_64 | 1.0.0 | 2.83 | 263.27 | 266.10 | OK | |
r-release-windows-ix86+x86_64 | 1.0.0 | 15.00 | 372.00 | 387.00 | OK | |
r-release-osx-x86_64 | 1.0.0 | WARN | ||||
r-oldrel-windows-ix86+x86_64 | 1.0.0 | 7.00 | 368.00 | 375.00 | OK | |
r-oldrel-osx-x86_64 | 1.0.0 | OK |
Version: 1.0.0
Check: re-building of vignette outputs
Result: WARN
Error(s) in re-building vignettes:
...
--- re-building ‘adapt_demo.Rmd’ using rmarkdown
Warning in engine$weave(file, quiet = quiet, encoding = enc) :
Pandoc (>= 1.12.3) and/or pandoc-citeproc not available. Falling back to R Markdown v1.
Error: processing vignette 'adapt_demo.Rmd' failed with diagnostics:
there is no package called 'stringi'
--- failed re-building ‘adapt_demo.Rmd’
SUMMARY: processing the following file failed:
‘adapt_demo.Rmd’
Error: Vignette re-building failed.
Execution halted
Flavor: r-release-osx-x86_64