Last updated on 2020-03-27 00:49:14 CET.
Flavor | Version | Tinstall | Tcheck | Ttotal | Status | Flags |
---|---|---|---|---|---|---|
r-devel-linux-x86_64-debian-clang | 0.26-0 | 14.51 | 402.58 | 417.09 | OK | |
r-devel-linux-x86_64-debian-gcc | 0.26-0 | 12.78 | 296.17 | 308.95 | OK | |
r-devel-linux-x86_64-fedora-clang | 0.26-0 | 506.03 | OK | |||
r-devel-linux-x86_64-fedora-gcc | 0.26-0 | 472.93 | OK | |||
r-devel-windows-ix86+x86_64 | 0.26-0 | 28.00 | 409.00 | 437.00 | OK | |
r-devel-windows-ix86+x86_64-gcc8 | 0.26-0 | 38.00 | 414.00 | 452.00 | OK | |
r-patched-linux-x86_64 | 0.26-0 | 11.93 | 367.21 | 379.14 | OK | |
r-patched-solaris-x86 | 0.26-0 | 843.00 | NOTE | |||
r-release-linux-x86_64 | 0.26-0 | 12.81 | 359.47 | 372.28 | OK | |
r-release-windows-ix86+x86_64 | 0.26-0 | 50.00 | 561.00 | 611.00 | OK | |
r-release-osx-x86_64 | 0.26-0 | OK | ||||
r-oldrel-windows-ix86+x86_64 | 0.26-0 | 35.00 | 463.00 | 498.00 | OK | |
r-oldrel-osx-x86_64 | 0.26-0 | OK |
Version: 0.26-0
Check: installed package size
Result: NOTE
installed size is 5.6Mb
sub-directories of 1Mb or more:
doc 2.9Mb
extdata 1.9Mb
Flavor: r-patched-solaris-x86