CRAN Package Check Results for Package akmedoids

Last updated on 2020-03-27 00:49:15 CET.

Flavor Version Tinstall Tcheck Ttotal Status Flags
r-devel-linux-x86_64-debian-clang 0.1.5 15.21 129.39 144.60 OK
r-devel-linux-x86_64-debian-gcc 0.1.5 11.46 99.90 111.36 OK
r-devel-linux-x86_64-fedora-clang 0.1.5 176.22 OK
r-devel-linux-x86_64-fedora-gcc 0.1.5 169.65 OK
r-devel-windows-ix86+x86_64 0.1.5 34.00 127.00 161.00 OK
r-devel-windows-ix86+x86_64-gcc8 0.1.5 37.00 139.00 176.00 OK
r-patched-linux-x86_64 0.1.5 13.06 117.18 130.24 OK
r-patched-solaris-x86 0.1.5 268.00 OK
r-release-linux-x86_64 0.1.5 12.08 115.91 127.99 OK
r-release-windows-ix86+x86_64 0.1.5 28.00 189.00 217.00 OK
r-release-osx-x86_64 0.1.5 WARN
r-oldrel-windows-ix86+x86_64 0.1.5 25.00 135.00 160.00 OK
r-oldrel-osx-x86_64 0.1.5 WARN

Check Details

Version: 0.1.5
Check: whether package can be installed
Result: WARN
    Found the following significant warnings:
     Warning: 'rgl_init' failed, running with rgl.useNULL = TRUE
Flavors: r-release-osx-x86_64, r-oldrel-osx-x86_64

Version: 0.1.5
Check: dependencies in R code
Result: NOTE
    No protocol specified
Flavors: r-release-osx-x86_64, r-oldrel-osx-x86_64

Version: 0.1.5
Check: S3 generic/method consistency
Result: WARN
    No protocol specified
    See section ‘Generic functions and methods’ in the ‘Writing R
    Extensions’ manual.
Flavors: r-release-osx-x86_64, r-oldrel-osx-x86_64

Version: 0.1.5
Check: replacement functions
Result: WARN
    No protocol specified
    The argument of a replacement function which corresponds to the right
    hand side must be named ‘value’.
Flavors: r-release-osx-x86_64, r-oldrel-osx-x86_64

Version: 0.1.5
Check: foreign function calls
Result: NOTE
    No protocol specified
    See chapter ‘System and foreign language interfaces’ in the ‘Writing R
    Extensions’ manual.
Flavors: r-release-osx-x86_64, r-oldrel-osx-x86_64

Version: 0.1.5
Check: R code for possible problems
Result: NOTE
    No protocol specified
Flavors: r-release-osx-x86_64, r-oldrel-osx-x86_64

Version: 0.1.5
Check: for missing documentation entries
Result: WARN
    No protocol specified
    All user-level objects in a package should have documentation entries.
    See chapter ‘Writing R documentation files’ in the ‘Writing R
    Extensions’ manual.
Flavors: r-release-osx-x86_64, r-oldrel-osx-x86_64

Version: 0.1.5
Check: for code/documentation mismatches
Result: WARN
    No protocol specified
    No protocol specified
    No protocol specified
Flavors: r-release-osx-x86_64, r-oldrel-osx-x86_64

Version: 0.1.5
Check: Rd \usage sections
Result: NOTE
    No protocol specified
    The \usage entries for S3 methods should use the \method markup and not
    their full name.
    See chapter ‘Writing R documentation files’ in the ‘Writing R
    Extensions’ manual.
Flavors: r-release-osx-x86_64, r-oldrel-osx-x86_64