Last updated on 2020-03-27 00:49:15 CET.
Flavor | Version | Tinstall | Tcheck | Ttotal | Status | Flags |
---|---|---|---|---|---|---|
r-devel-linux-x86_64-debian-clang | 1.6.1 | 11.90 | 79.79 | 91.69 | OK | |
r-devel-linux-x86_64-debian-gcc | 1.6.1 | 11.34 | 61.82 | 73.16 | OK | |
r-devel-linux-x86_64-fedora-clang | 1.6.1 | 112.19 | OK | |||
r-devel-linux-x86_64-fedora-gcc | 1.6.1 | 106.63 | OK | |||
r-devel-windows-ix86+x86_64 | 1.6.1 | 21.00 | 83.00 | 104.00 | OK | |
r-devel-windows-ix86+x86_64-gcc8 | 1.6.1 | 28.00 | 86.00 | 114.00 | OK | |
r-patched-linux-x86_64 | 1.6.1 | 10.39 | 70.88 | 81.27 | OK | |
r-patched-solaris-x86 | 1.6.1 | 146.10 | OK | |||
r-release-linux-x86_64 | 1.6.1 | 12.04 | 70.86 | 82.90 | OK | |
r-release-windows-ix86+x86_64 | 1.6.1 | 33.00 | 122.00 | 155.00 | OK | |
r-release-osx-x86_64 | 1.6.1 | NOTE | ||||
r-oldrel-windows-ix86+x86_64 | 1.6.1 | 23.00 | 109.00 | 132.00 | OK | |
r-oldrel-osx-x86_64 | 1.6.1 | NOTE |
Version: 1.6.1
Check: package dependencies
Result: NOTE
Package suggested but not available for checking: ‘GLAD’
Flavors: r-release-osx-x86_64, r-oldrel-osx-x86_64