Last updated on 2020-03-27 00:49:15 CET.
Flavor | Version | Tinstall | Tcheck | Ttotal | Status | Flags |
---|---|---|---|---|---|---|
r-devel-linux-x86_64-debian-clang | 1.0-15 | 2.52 | 17.53 | 20.05 | OK | |
r-devel-linux-x86_64-debian-gcc | 1.0-15 | 2.02 | 13.95 | 15.97 | OK | |
r-devel-linux-x86_64-fedora-clang | 1.0-15 | 24.94 | NOTE | |||
r-devel-linux-x86_64-fedora-gcc | 1.0-15 | 24.15 | NOTE | |||
r-devel-windows-ix86+x86_64 | 1.0-15 | 9.00 | 42.00 | 51.00 | OK | |
r-devel-windows-ix86+x86_64-gcc8 | 1.0-15 | 9.00 | 30.00 | 39.00 | OK | |
r-patched-linux-x86_64 | 1.0-15 | 1.93 | 16.07 | 18.00 | OK | |
r-patched-solaris-x86 | 1.0-15 | 39.50 | OK | |||
r-release-linux-x86_64 | 1.0-15 | 2.16 | 15.93 | 18.09 | OK | |
r-release-windows-ix86+x86_64 | 1.0-15 | 8.00 | 42.00 | 50.00 | OK | |
r-release-osx-x86_64 | 1.0-15 | OK | ||||
r-oldrel-windows-ix86+x86_64 | 1.0-15 | 6.00 | 30.00 | 36.00 | OK | |
r-oldrel-osx-x86_64 | 1.0-15 | OK |
Version: 1.0-15
Check: compiled code
Result: NOTE
File ‘ash/libs/ash.so’:
Found no calls to: ‘R_registerRoutines’, ‘R_useDynamicSymbols’
It is good practice to register native routines and to disable symbol
search.
See ‘Writing portable packages’ in the ‘Writing R Extensions’ manual.
Flavors: r-devel-linux-x86_64-fedora-clang, r-devel-linux-x86_64-fedora-gcc