Last updated on 2020-03-27 00:49:15 CET.
Flavor | Version | Tinstall | Tcheck | Ttotal | Status | Flags |
---|---|---|---|---|---|---|
r-devel-linux-x86_64-debian-clang | 0.1.0 | 14.77 | 94.85 | 109.62 | OK | |
r-devel-linux-x86_64-debian-gcc | 0.1.0 | 12.66 | 72.16 | 84.82 | OK | |
r-devel-linux-x86_64-fedora-clang | 0.1.0 | 132.98 | NOTE | |||
r-devel-linux-x86_64-fedora-gcc | 0.1.0 | 129.51 | NOTE | |||
r-devel-windows-ix86+x86_64 | 0.1.0 | 32.00 | 97.00 | 129.00 | OK | |
r-devel-windows-ix86+x86_64-gcc8 | 0.1.0 | 35.00 | 99.00 | 134.00 | OK | |
r-patched-linux-x86_64 | 0.1.0 | 10.60 | 81.83 | 92.43 | OK | |
r-patched-solaris-x86 | 0.1.0 | 209.10 | NOTE | |||
r-release-linux-x86_64 | 0.1.0 | 9.94 | 81.74 | 91.68 | OK | |
r-release-windows-ix86+x86_64 | 0.1.0 | 22.00 | 150.00 | 172.00 | OK | |
r-release-osx-x86_64 | 0.1.0 | NOTE | ||||
r-oldrel-windows-ix86+x86_64 | 0.1.0 | 26.00 | 101.00 | 127.00 | OK | |
r-oldrel-osx-x86_64 | 0.1.0 | NOTE |
Version: 0.1.0
Check: dependencies in R code
Result: NOTE
Namespace in Imports field not imported from: ‘abind’
All declared Imports should be used.
Flavors: r-devel-linux-x86_64-fedora-clang, r-devel-linux-x86_64-fedora-gcc, r-patched-solaris-x86, r-release-osx-x86_64, r-oldrel-osx-x86_64