Last updated on 2020-03-27 00:49:15 CET.
Flavor | Version | Tinstall | Tcheck | Ttotal | Status | Flags |
---|---|---|---|---|---|---|
r-devel-linux-x86_64-debian-clang | 0.5.0 | 4.90 | 64.74 | 69.64 | OK | |
r-devel-linux-x86_64-debian-gcc | 0.5.0 | 3.47 | 48.92 | 52.39 | OK | |
r-devel-linux-x86_64-fedora-clang | 0.5.0 | 85.59 | OK | |||
r-devel-linux-x86_64-fedora-gcc | 0.5.0 | 82.31 | OK | |||
r-devel-windows-ix86+x86_64 | 0.5.0 | 85.00 | 274.00 | 359.00 | NOTE | |
r-devel-windows-ix86+x86_64-gcc8 | 0.5.0 | 57.00 | 270.00 | 327.00 | NOTE | |
r-patched-linux-x86_64 | 0.5.0 | 3.92 | 60.17 | 64.09 | OK | |
r-release-linux-x86_64 | 0.5.0 | 3.51 | 60.11 | 63.62 | OK | |
r-release-windows-ix86+x86_64 | 0.5.0 | 79.00 | 388.00 | 467.00 | NOTE | |
r-release-osx-x86_64 | 0.5.0 | NOTE | ||||
r-oldrel-windows-ix86+x86_64 | 0.5.0 | 90.00 | 368.00 | 458.00 | NOTE | |
r-oldrel-osx-x86_64 | 0.5.0 | NOTE |
Version: 0.5.0
Check: installed package size
Result: NOTE
installed size is 56.6Mb
sub-directories of 1Mb or more:
libs 55.8Mb
Flavors: r-devel-windows-ix86+x86_64, r-devel-windows-ix86+x86_64-gcc8, r-release-windows-ix86+x86_64, r-release-osx-x86_64, r-oldrel-windows-ix86+x86_64, r-oldrel-osx-x86_64