Last updated on 2020-03-27 00:49:15 CET.
Flavor | Version | Tinstall | Tcheck | Ttotal | Status | Flags |
---|---|---|---|---|---|---|
r-devel-linux-x86_64-debian-clang | 0.2.4 | 3.60 | 50.20 | 53.80 | OK | |
r-devel-linux-x86_64-debian-gcc | 0.2.4 | 3.23 | 38.19 | 41.42 | OK | |
r-devel-linux-x86_64-fedora-clang | 0.2.4 | 62.67 | OK | |||
r-devel-linux-x86_64-fedora-gcc | 0.2.4 | 61.56 | OK | |||
r-devel-windows-ix86+x86_64 | 0.2.4 | 15.00 | 63.00 | 78.00 | OK | |
r-devel-windows-ix86+x86_64-gcc8 | 0.2.4 | 12.00 | 66.00 | 78.00 | OK | |
r-patched-linux-x86_64 | 0.2.4 | 2.59 | 46.03 | 48.62 | OK | |
r-patched-solaris-x86 | 0.2.4 | 89.70 | OK | |||
r-release-linux-x86_64 | 0.2.4 | 2.76 | 45.45 | 48.21 | OK | |
r-release-windows-ix86+x86_64 | 0.2.4 | 16.00 | 90.00 | 106.00 | OK | |
r-release-osx-x86_64 | 0.2.4 | NOTE | ||||
r-oldrel-windows-ix86+x86_64 | 0.2.4 | 9.00 | 86.00 | 95.00 | OK | |
r-oldrel-osx-x86_64 | 0.2.4 | NOTE |
Version: 0.2.4
Check: package dependencies
Result: NOTE
Package suggested but not available for checking: ‘philr’
Flavors: r-release-osx-x86_64, r-oldrel-osx-x86_64