Last updated on 2020-03-27 00:49:15 CET.
Flavor | Version | Tinstall | Tcheck | Ttotal | Status | Flags |
---|---|---|---|---|---|---|
r-devel-linux-x86_64-debian-clang | 1.1-2 | 64.69 | 336.40 | 401.09 | OK | |
r-devel-linux-x86_64-debian-gcc | 1.1-2 | 52.28 | 243.23 | 295.51 | OK | |
r-devel-linux-x86_64-fedora-clang | 1.1-2 | 479.31 | NOTE | |||
r-devel-linux-x86_64-fedora-gcc | 1.1-2 | 449.32 | NOTE | |||
r-devel-windows-ix86+x86_64 | 1.1-2 | 88.00 | 343.00 | 431.00 | OK | |
r-devel-windows-ix86+x86_64-gcc8 | 1.1-2 | 85.00 | 337.00 | 422.00 | OK | |
r-patched-linux-x86_64 | 1.1-2 | 54.65 | 287.45 | 342.10 | OK | |
r-patched-solaris-x86 | 1.1-2 | 538.60 | NOTE | |||
r-release-linux-x86_64 | 1.1-2 | 59.95 | 286.49 | 346.44 | OK | |
r-release-windows-ix86+x86_64 | 1.1-2 | 109.00 | 434.00 | 543.00 | OK | |
r-release-osx-x86_64 | 1.1-2 | NOTE | ||||
r-oldrel-windows-ix86+x86_64 | 1.1-2 | 99.00 | 397.00 | 496.00 | OK | |
r-oldrel-osx-x86_64 | 1.1-2 | NOTE |
Version: 1.1-2
Check: dependencies in R code
Result: NOTE
Namespace in Imports field not imported from: ‘raster’
All declared Imports should be used.
Flavors: r-devel-linux-x86_64-fedora-clang, r-devel-linux-x86_64-fedora-gcc, r-patched-solaris-x86
Version: 1.1-2
Check: dependencies in R code
Result: NOTE
No protocol specified
No protocol specified
Namespace in Imports field not imported from: ‘raster’
All declared Imports should be used.
Flavors: r-release-osx-x86_64, r-oldrel-osx-x86_64