CRAN Package Check Results for Package batchtools

Last updated on 2020-03-27 00:49:15 CET.

Flavor Version Tinstall Tcheck Ttotal Status Flags
r-devel-linux-x86_64-debian-clang 0.9.13 14.34 298.37 312.71 OK
r-devel-linux-x86_64-debian-gcc 0.9.13 8.76 271.95 280.71 OK
r-devel-linux-x86_64-fedora-clang 0.9.13 258.45 OK
r-devel-linux-x86_64-fedora-gcc 0.9.13 222.27 OK
r-devel-windows-ix86+x86_64 0.9.12 29.00 265.00 294.00 ERROR
r-devel-windows-ix86+x86_64-gcc8 0.9.12 29.00 274.00 303.00 OK
r-patched-linux-x86_64 0.9.13 11.35 238.49 249.84 OK
r-patched-solaris-x86 0.9.13 266.40 OK
r-release-linux-x86_64 0.9.13 10.09 237.08 247.17 OK
r-release-windows-ix86+x86_64 0.9.13 33.00 370.00 403.00 OK
r-release-osx-x86_64 0.9.13 NOTE
r-oldrel-windows-ix86+x86_64 0.9.13 21.00 325.00 346.00 OK
r-oldrel-osx-x86_64 0.9.13 NOTE

Check Details

Version: 0.9.12
Check: running tests for arch ‘i386’
Result: ERROR
     Running 'testthat.R' [54s]
    Running the tests in 'tests/testthat.R' failed.
    Complete output:
     > # setting R_TESTS to empty string because of
     > # https://github.com/hadley/testthat/issues/144
     > # revert this when that issue in R is fixed.
     > Sys.setenv("R_TESTS" = "")
     >
     > library(testthat)
     > library(batchtools)
     >
     > test_check("batchtools")
     ### [bt]: Setting seed to 2881 ...
     -- 1. Failure: addExperiments / user provided designs (@test_addExperiments.R#64
     `addExperiments(reg = reg, prob.designs = pd)` did not produce any warnings.
    
     -- 2. Failure: addExperiments / user provided designs (@test_addExperiments.R#67
     `addExperiments(reg = reg, prob.designs = pd)` did not produce any warnings.
    
     ### [bt]: Setting seed to 3080 ...
     ### [bt]: Setting seed to 3082 ...
     ### [bt]: Setting seed to 3081 ...
     == testthat results ===========================================================
     [ OK: 1438 | SKIPPED: 13 | WARNINGS: 0 | FAILED: 2 ]
     1. Failure: addExperiments / user provided designs (@test_addExperiments.R#64)
     2. Failure: addExperiments / user provided designs (@test_addExperiments.R#67)
    
     Error: testthat unit tests failed
     Execution halted
Flavor: r-devel-windows-ix86+x86_64

Version: 0.9.12
Check: running tests for arch ‘x64’
Result: ERROR
     Running 'testthat.R' [54s]
    Running the tests in 'tests/testthat.R' failed.
    Complete output:
     > # setting R_TESTS to empty string because of
     > # https://github.com/hadley/testthat/issues/144
     > # revert this when that issue in R is fixed.
     > Sys.setenv("R_TESTS" = "")
     >
     > library(testthat)
     > library(batchtools)
     >
     > test_check("batchtools")
     ### [bt]: Setting seed to 28700 ...
     -- 1. Failure: addExperiments / user provided designs (@test_addExperiments.R#64
     `addExperiments(reg = reg, prob.designs = pd)` did not produce any warnings.
    
     -- 2. Failure: addExperiments / user provided designs (@test_addExperiments.R#67
     `addExperiments(reg = reg, prob.designs = pd)` did not produce any warnings.
    
     ### [bt]: Setting seed to 3080 ...
     ### [bt]: Setting seed to 3082 ...
     ### [bt]: Setting seed to 3081 ...
     == testthat results ===========================================================
     [ OK: 1438 | SKIPPED: 13 | WARNINGS: 0 | FAILED: 2 ]
     1. Failure: addExperiments / user provided designs (@test_addExperiments.R#64)
     2. Failure: addExperiments / user provided designs (@test_addExperiments.R#67)
    
     Error: testthat unit tests failed
     Execution halted
Flavor: r-devel-windows-ix86+x86_64

Version: 0.9.13
Check: package dependencies
Result: NOTE
    Package suggested but not available for checking: ‘doMPI’
Flavors: r-release-osx-x86_64, r-oldrel-osx-x86_64

Version: 0.9.13
Check: Rd cross-references
Result: NOTE
    Package unavailable to check Rd xrefs: ‘Rmpi’
Flavors: r-release-osx-x86_64, r-oldrel-osx-x86_64