CRAN Package Check Results for Package bayesCT

Last updated on 2020-03-27 00:49:15 CET.

Flavor Version Tinstall Tcheck Ttotal Status Flags
r-devel-linux-x86_64-debian-clang 0.99.2 13.07 334.67 347.74 OK
r-devel-linux-x86_64-debian-gcc 0.99.2 11.48 248.23 259.71 OK
r-devel-linux-x86_64-fedora-clang 0.99.2 400.16 NOTE
r-devel-linux-x86_64-fedora-gcc 0.99.2 306.44 WARN
r-devel-windows-ix86+x86_64 0.99.2 34.00 315.00 349.00 WARN
r-devel-windows-ix86+x86_64-gcc8 0.99.2 29.00 347.00 376.00 OK
r-patched-linux-x86_64 0.99.2 11.27 291.68 302.95 OK
r-patched-solaris-x86 0.99.2 540.40 NOTE
r-release-linux-x86_64 0.99.2 11.84 289.43 301.27 OK
r-release-windows-ix86+x86_64 0.99.2 35.00 327.00 362.00 WARN
r-release-osx-x86_64 0.99.2 NOTE
r-oldrel-windows-ix86+x86_64 0.99.2 22.00 392.00 414.00 OK
r-oldrel-osx-x86_64 0.99.2 NOTE

Check Details

Version: 0.99.2
Check: dependencies in R code
Result: NOTE
    Namespace in Imports field not imported from: ‘msm’
     All declared Imports should be used.
Flavors: r-devel-linux-x86_64-fedora-clang, r-devel-linux-x86_64-fedora-gcc, r-patched-solaris-x86, r-release-osx-x86_64, r-oldrel-osx-x86_64

Version: 0.99.2
Check: re-building of vignette outputs
Result: WARN
    Error(s) in re-building vignettes:
    --- re-building ‘bayesCT.Rmd’ using rmarkdown
    --- finished re-building ‘bayesCT.Rmd’
    
    --- re-building ‘binomial.Rmd’ using rmarkdown
    
    Attaching package: 'bayesCT'
    
    The following object is masked from 'package:stats':
    
     simulate
    
    --- finished re-building ‘binomial.Rmd’
    
    --- re-building ‘normal.Rmd’ using rmarkdown
    
    Attaching package: 'bayesCT'
    
    The following object is masked from 'package:stats':
    
     simulate
    
    --- finished re-building ‘normal.Rmd’
    
    Warning: elapsed-time limit of 30 minutes reached for sub-process
    --- re-building ‘time-to-event.Rmd’ using rmarkdown
    
    Attaching package: 'bayesCT'
    
    The following object is masked from 'package:stats':
    
     simulate
    
    SUMMARY: processing the following file failed:
     ‘time-to-event.Rmd’
    
    Error: Vignette re-building failed.
    Execution halted
Flavor: r-devel-linux-x86_64-fedora-gcc

Version: 0.99.2
Check: re-building of vignette outputs
Result: WARN
    Error(s) in re-building vignettes:
    --- re-building 'bayesCT.Rmd' using rmarkdown
    --- finished re-building 'bayesCT.Rmd'
    
    --- re-building 'binomial.Rmd' using rmarkdown
    
    Attaching package: 'bayesCT'
    
    The following object is masked from 'package:stats':
    
     simulate
    
    Quitting from lines 307-328 (binomial.Rmd)
    Error: processing vignette 'binomial.Rmd' failed with diagnostics:
    Column `treatment` is of unsupported type function
    --- failed re-building 'binomial.Rmd'
    
    --- re-building 'normal.Rmd' using rmarkdown
    
    Attaching package: 'bayesCT'
    
    The following object is masked from 'package:stats':
    
     simulate
    
    --- finished re-building 'normal.Rmd'
    
    --- re-building 'time-to-event.Rmd' using rmarkdown
    
    Attaching package: 'bayesCT'
    
    The following object is masked from 'package:stats':
    
     simulate
    
    --- finished re-building 'time-to-event.Rmd'
    
    SUMMARY: processing the following file failed:
     'binomial.Rmd'
    
    Error: Vignette re-building failed.
    Execution halted
Flavor: r-devel-windows-ix86+x86_64

Version: 0.99.2
Check: re-building of vignette outputs
Result: WARN
    Error(s) in re-building vignettes:
    --- re-building 'bayesCT.Rmd' using rmarkdown
    --- finished re-building 'bayesCT.Rmd'
    
    --- re-building 'binomial.Rmd' using rmarkdown
    
    Attaching package: 'bayesCT'
    
    The following object is masked from 'package:stats':
    
     simulate
    
    Quitting from lines 215-223 (binomial.Rmd)
    Error: processing vignette 'binomial.Rmd' failed with diagnostics:
    missing value where TRUE/FALSE needed
    --- failed re-building 'binomial.Rmd'
    
    --- re-building 'normal.Rmd' using rmarkdown
    
    Attaching package: 'bayesCT'
    
    The following object is masked from 'package:stats':
    
     simulate
    
    --- finished re-building 'normal.Rmd'
    
    --- re-building 'time-to-event.Rmd' using rmarkdown
    
    Attaching package: 'bayesCT'
    
    The following object is masked from 'package:stats':
    
     simulate
    
    --- finished re-building 'time-to-event.Rmd'
    
    SUMMARY: processing the following file failed:
     'binomial.Rmd'
    
    Error: Vignette re-building failed.
    Execution halted
Flavor: r-release-windows-ix86+x86_64