Last updated on 2020-03-27 00:49:15 CET.
Flavor | Version | Tinstall | Tcheck | Ttotal | Status | Flags |
---|---|---|---|---|---|---|
r-devel-linux-x86_64-debian-clang | 1.3.3 | 59.34 | 141.94 | 201.28 | OK | |
r-devel-linux-x86_64-debian-gcc | 1.3.3 | 42.03 | 105.65 | 147.68 | OK | |
r-devel-linux-x86_64-fedora-clang | 1.3.3 | 257.82 | OK | |||
r-devel-linux-x86_64-fedora-gcc | 1.3.3 | 229.67 | OK | |||
r-devel-windows-ix86+x86_64 | 1.3.3 | 105.00 | 165.00 | 270.00 | OK | |
r-devel-windows-ix86+x86_64-gcc8 | 1.3.3 | 124.00 | 179.00 | 303.00 | OK | |
r-patched-linux-x86_64 | 1.3.3 | 52.38 | 119.51 | 171.89 | OK | |
r-patched-solaris-x86 | 1.3.3 | 309.30 | OK | |||
r-release-linux-x86_64 | 1.3.3 | 52.13 | 119.79 | 171.92 | OK | |
r-release-windows-ix86+x86_64 | 1.3.3 | 179.00 | 225.00 | 404.00 | OK | |
r-release-osx-x86_64 | 1.3.3 | OK | ||||
r-oldrel-osx-x86_64 | 1.3.3 | ERROR |
Version: 1.3.3
Check: whether package can be installed
Result: ERROR
Installation failed.
Flavor: r-oldrel-osx-x86_64