CRAN Package Check Results for Package bdribs

Last updated on 2020-03-27 00:49:16 CET.

Flavor Version Tinstall Tcheck Ttotal Status Flags
r-devel-linux-x86_64-debian-clang 1.0.4 2.96 25.30 28.26 NOTE
r-devel-linux-x86_64-debian-gcc 1.0.4 2.17 19.48 21.65 NOTE
r-devel-linux-x86_64-fedora-clang 1.0.4 35.17 NOTE
r-devel-linux-x86_64-fedora-gcc 1.0.4 32.46 NOTE
r-devel-windows-ix86+x86_64 1.0.4 8.00 36.00 44.00 OK
r-devel-windows-ix86+x86_64-gcc8 1.0.4 7.00 39.00 46.00 OK
r-patched-linux-x86_64 1.0.4 2.28 23.12 25.40 OK
r-patched-solaris-x86 1.0.4 70.60 NOTE
r-release-linux-x86_64 1.0.4 2.22 23.24 25.46 OK
r-release-windows-ix86+x86_64 1.0.4 9.00 39.00 48.00 OK
r-release-osx-x86_64 1.0.4 OK
r-oldrel-windows-ix86+x86_64 1.0.4 5.00 53.00 58.00 OK
r-oldrel-osx-x86_64 1.0.4 OK

Check Details

Version: 1.0.4
Check: for non-standard things in the check directory
Result: NOTE
    Found the following files/directories:
     'dump.txt'
Flavors: r-devel-linux-x86_64-debian-clang, r-devel-linux-x86_64-debian-gcc, r-devel-linux-x86_64-fedora-clang, r-devel-linux-x86_64-fedora-gcc, r-patched-solaris-x86